{"id":1281,"date":"2015-11-22T15:39:48","date_gmt":"2015-11-22T14:39:48","guid":{"rendered":"http:\/\/www.josefknoflicek.cz\/?page_id=1281"},"modified":"2021-01-25T22:43:02","modified_gmt":"2021-01-25T21:43:02","slug":"poselstvi-marie-sesterske-2015","status":"publish","type":"page","link":"https:\/\/www.josefknoflicek.cz\/?page_id=1281","title":{"rendered":"Poselstv\u00ed Marie. (sestersk\u00e9 2015)"},"content":{"rendered":"<p>Poselstv\u00ed Marie<\/p>\n<p>(Luk\u00e1\u0161 1,26-38)<\/p>\n<p>&nbsp;<\/p>\n<p>Marie se setkala s and\u011blem a dostala od Boha zasl\u00edben\u00ed<\/p>\n<ol>\n<li>po\u010dne\u0161 a porod\u00ed\u0161 syna a d\u00e1\u0161 mu jm\u00e9no Je\u017e\u00ed\u0161<\/li>\n<li>bude synem Bo\u017e\u00edm a B\u016fh mu d\u00e1 tr\u016fn David\u016fv<\/li>\n<li>na v\u011bky bude kralovat<\/li>\n<\/ol>\n<p>Marie po ot\u00e1zce, jak se to stane, poslu\u0161n\u011b p\u0159ijala Bo\u017e\u00ed pl\u00e1n pro jej\u00ed \u017eivot. Pokorn\u011b and\u011blovi \u0159ekla: \u201e Jsem slu\u017eebnice P\u00e1nova, a\u0165 se mi stane podle tv\u00e9ho slova\u201c. M\u011bla n\u00e1dhern\u00e9 a nadp\u0159irozen\u00e9 setk\u00e1n\u00ed s \u00fa\u017easn\u00fdmi zasl\u00edben\u00edmi, co v\u00edc si p\u0159\u00e1t. Co ale n\u00e1sledovalo?<\/p>\n<p>Jak vysv\u011btl\u00ed Josefovi, rodi\u010d\u016fm, kn\u011bzi a soused\u016fm, \u017ee je t\u011bhotn\u00e1 ne lidsk\u00fdm p\u0159i\u010din\u011bn\u00edm, ale z Ducha svat\u00e9ho?<\/p>\n<p>Kdo j\u00ed tohle uv\u011b\u0159\u00ed?<\/p>\n<p>Jak to pokra\u010dovalo, u\u017e zn\u00e1me.<\/p>\n<p style=\"text-align: justify;\">V Luk\u00e1\u0161i 2,1-40 se do\u010dteme, \u017ee mus\u00ed j\u00edt do Betl\u00e9ma kv\u016fli s\u010d\u00edt\u00e1n\u00ed lidu, kde se Josef se svou snoubenkou Mari\u00ed mus\u00ed nechat zapsat, aby se naplnilo proroctv\u00ed, \u017ee se Mesi\u00e1\u0161 narod\u00ed v tomto m\u011bst\u011b.<\/p>\n<p style=\"text-align: justify;\">Tak Marie p\u0159ed porodem cestuje dlouhou cestou bez jak\u00e9hokoliv zabezpe\u010den\u00ed pro sebe i d\u00edt\u011b. P\u0159i\u0161el jej\u00ed \u010das, porodila v chl\u00e9v\u011b Bo\u017e\u00edho syna, dala mu jm\u00e9no Je\u017e\u00ed\u0161, jak mu B\u016fh ur\u010dil a polo\u017eila ho do jesl\u00ed (krm\u00edtko pro zv\u00ed\u0159ata). Najednou se p\u0159ich\u00e1z\u00ed pod\u00edvat na jej\u00ed d\u00edt\u011b past\u00fd\u0159i a potvrzuji, \u017ee je Mesi\u00e1\u0161. Mo\u017en\u00e1 si Marie \u0159\u00edkala, kone\u010dn\u011b m\u00e1m t\u011b\u017ek\u00e9 obdob\u00ed u\u017e za sebou a v\u0161e bude ok. Po osmi dnech jdou s\u00a0Josefem, podle Moj\u017e\u00ed\u0161ova z\u00e1kona, Je\u017e\u00ed\u0161e do chr\u00e1mu ob\u0159ezat. U chr\u00e1mu potk\u00e1vaj\u00ed Simeona, kter\u00fd hned pozn\u00e1v\u00e1 Mesi\u00e1\u0161e a veleb\u00ed Boha. Simeon jim po\u017eehnal a p\u0159edal proroctv\u00ed od Hospodina, \u017ee Je\u017e\u00ed\u0161 je ur\u010den k p\u00e1du i k pozdvi\u017een\u00ed mnoh\u00fdch v Izraeli. Stane se znamen\u00edm, kter\u00e9 bude odm\u00edt\u00e1no, aby vy\u0161lo najevo my\u0161len\u00ed mnoha srdc\u00ed. A Marii \u0159\u00edk\u00e1, \u017ee jej\u00ed vlastn\u00ed du\u0161\u00ed pronikne me\u010d. Je ps\u00e1no, \u017ee Maria ta slova uchovala ve sv\u00e9m srdci. O tom, co pro\u017e\u00edvala po t\u011bch slovech, u\u017e nen\u00ed nic naps\u00e1no, ale jako \u017eena a matka ur\u010dit\u011b m\u011bla obavy o jejich budoucnost. P\u0159ich\u00e1z\u00ed tak\u00e9 prorokyn\u011b Anna a tak\u00e9 veleb\u00ed Hospodina za Spasitele. Po n\u011bjak\u00e9m \u010dase ,v Bibli to nen\u00ed up\u0159esn\u011bno, se Je\u017e\u00ed\u0161i p\u0159ich\u00e1zej\u00ed poklonit mudrcov\u00e9 z v\u00fdchodu a poklon\u00ed se mu jako kr\u00e1li a p\u0159edaj\u00ed mu kr\u00e1lovsk\u00e9 dary (zlato, kadidlo,a myrhu). Mo\u017en\u00e1 si Marie vzpomenula na slova and\u011bla, \u017ee B\u016fh d\u00e1 Je\u017e\u00ed\u0161i tr\u016fn David\u016fv a m\u011bla velikou radost, \u017ee se naplnilo jej\u00ed druh\u00e9 zasl\u00edben\u00ed. Jej\u00ed radost ale netrvala dlouho, proto\u017ee and\u011bl ve snu oznamuje Josefovi, \u017ee musej\u00ed odej\u00edt do Egypta, proto\u017ee Je\u017e\u00ed\u0161 je v nebezpe\u010d\u00ed. Na pokyn odch\u00e1zej\u00ed s dary a d\u00edt\u011btem na \u010das do ciz\u00ed zem\u011b s d\u016fv\u011brou v Bo\u017e\u00ed ochranu a p\u0159\u00edze\u0148. Co pro\u017e\u00edvala Marie s Josefem v\u00a0Egypt\u011b, o tom nen\u00ed \u017e\u00e1dn\u00e1 zm\u00ednka, ale v\u00edme, \u017ee se vr\u00e1tili, kdy\u017e Herodes zem\u0159el a usadili se v Nazaretu, aby se naplnilo slovo prorok\u016f, \u017ee bude nazv\u00e1n Nazaretsk\u00fd. \u00a0Je\u017e\u00ed\u0161 rostl a byl mil\u00fd Bohu i lidem. Co lep\u0161\u00edho m\u016f\u017ee potkat rodi\u010de, ne\u017e \u017ee jim d\u00edt\u011b d\u011bl\u00e1 radost. Marie porod\u00ed dal\u0161\u00ed d\u011bti (Matou\u0161 13,55-56) a v\u0161e vypad\u00e1, \u017ee je v naprost\u00e9m po\u0159\u00e1dku. Je\u017e\u00ed\u0161 k\u00e1\u017ee lidem, \u010din\u00ed u\u010dedn\u00edky, vyu\u010duje, kon\u00e1 z\u00e1zraky a mnoho lid\u00ed jej n\u00e1sleduje a Je\u017e\u00ed\u0161 se p\u0159ipravuje na \u00fakol, pro kter\u00fd p\u0159i\u0161el na sv\u011bt, ale ani lid\u00e9 ani rodi\u010de nerozum\u00ed jeho p\u0159\u00edprav\u011b na smrt. Marie jasn\u011b vid\u011bla, \u017ee B\u016fh je s Je\u017e\u00ed\u0161em a tak nepochybovala o napln\u011bn\u00ed t\u0159et\u00edho zal\u00edben\u00ed, \u017ee bude na v\u011bky kralovat a kr\u00e1lovstv\u00ed nebude konce. M\u011bla p\u0159ed sebou nad\u011bjn\u00e9 obdob\u00ed, mo\u017en\u00e1 si \u0159\u00edkala u\u017e je zl\u00e9 za n\u00e1mi a v\u0161e bude dobr\u00e9. Co n\u00e1sledovalo? P\u0159ich\u00e1z\u00ed zat\u010den\u00ed Je\u017e\u00ed\u0161e, velik\u00e9 mu\u010den\u00ed a vynesen\u00ed rozsudku smrti. Co se odehr\u00e1valo v srdci Marie, nedok\u00e1\u017eeme v\u016fbec odhadnout ani pochopit. Snad volala k Bohu, snad bojovala, snad d\u016fv\u011b\u0159ovala Bohu, \u017ee v\u0161e pot\u0159ebn\u00e9 za\u0159\u00edd\u00ed a jej\u00ed syn bude voln\u00fd, proto\u017ee m\u00e1 p\u0159ece zasl\u00edben\u00ed o jeho v\u011b\u010dnosti. Nakonec p\u0159ich\u00e1z\u00ed jej\u00ed nejt\u011b\u017e\u0161\u00ed den jej\u00edho \u017eivota, jej\u00edho syna p\u0159ibij\u00ed na k\u0159\u00ed\u017e a daj\u00ed mu nad hlavu n\u00e1pis \u2013 \u017eidovsk\u00fd kr\u00e1l! Snad se ji vybavila slova Simeona o me\u010di v jej\u00ed du\u0161i a sleduje popravu sv\u00e9ho prvorozen\u00e9ho d\u00edt\u011bte. Neum\u00edme si ani p\u0159edstavit, co za\u017e\u00edvala a v tom sly\u0161\u00ed, jak Je\u017e\u00ed\u0161 vol\u00e1 Bo\u017ee m\u016fj, Bo\u017ee m\u016fj pro\u010d jsi m\u011b opustil? Do tv\u00fdch rukou Bo\u017ee odevzd\u00e1v\u00e1m sv\u00e9ho ducha a skonal. Co dodat? P\u0159ich\u00e1z\u00ed bolest, z\u00e1rmutek, pochybnosti&#8230;. .<\/p>\n<p>T\u0159et\u00edho dne je jej\u00ed syn vzk\u0159\u00ed\u0161en a Marii se splnilo t\u0159et\u00ed zasl\u00edben\u00ed, v kter\u00e9 snad u\u017e ani nedoufala.<\/p>\n<p><strong>Jak\u00e9 si m\u016f\u017eeme vz\u00edt pou\u010den\u00ed z poselstv\u00ed Marie :<\/strong><\/p>\n<ul>\n<li><strong>Nic nen\u00ed nemo\u017en\u00e9ho u Boha<\/strong><\/li>\n<li><strong>Vytrvat a v\u011b\u0159it, i kdy\u017e je viditeln\u00fd opak Bo\u017e\u00edho zasl\u00edben\u00edmi<\/strong><\/li>\n<li><strong>P\u0159ek\u00e1\u017eky a pot\u00ed\u017ee vedou k vytrvalosti<\/strong><\/li>\n<li><strong>Kdy\u017e nerozum\u00ed\u0161 a nech\u00e1pe\u0161 \u2013 nepochybuj a v\u011b\u0159!<\/strong><\/li>\n<li><strong>Tv\u00e9 p\u0159edstavy o Bo\u017e\u00edm pl\u00e1nu s tebou jsou jin\u00e9 ne\u017e Bo\u017e\u00ed<\/strong><\/li>\n<li><strong>Kde je bolest a utrpen\u00ed, p\u0159ijde radost<\/strong><\/li>\n<li><strong>B\u016fh m\u00e1 moc o\u017eivit tebou poh\u0159ben\u00e9 zasl\u00edben\u00ed<\/strong><\/li>\n<li><strong>B\u016fh napln\u00ed v\u0161echna zasl\u00edben\u00ed, kter\u00e1 ti dal<\/strong><\/li>\n<\/ul>\n<p><strong>Popros ho, a\u0165 ti odpust\u00ed tv\u00e9 pochybnosti, i to \u017ee jsi ho podez\u00edrala, \u017ee t\u011b opustil, nebo \u017ee na tebe zapomn\u011bl. Nic nen\u00ed nemo\u017en\u00e9 u Boha !!!!!!!<\/strong><\/p>\n<p><strong>Pou\u010dme se od Marie.<br \/>\nByla pokorn\u00e1.<br \/>\nPoslu\u0161n\u00e1.<br \/>\nTich\u00e1<\/strong><\/p>\n","protected":false},"excerpt":{"rendered":"<p>Poselstv\u00ed Marie (Luk\u00e1\u0161 1,26-38) &nbsp; Marie se setkala s and\u011blem a dostala od Boha zasl\u00edben\u00ed po\u010dne\u0161 a porod\u00ed\u0161 syna a d\u00e1\u0161 mu jm\u00e9no Je\u017e\u00ed\u0161 bude synem Bo\u017e\u00edm a B\u016fh mu d\u00e1 tr\u016fn David\u016fv na v\u011bky bude kralovat Marie po ot\u00e1zce, jak se to stane, poslu\u0161n\u011b p\u0159ijala Bo\u017e\u00ed pl\u00e1n pro jej\u00ed \u017eivot. Pokorn\u011b and\u011blovi \u0159ekla: \u201e &hellip; <a href=\"https:\/\/www.josefknoflicek.cz\/?page_id=1281\" class=\"more-link\">Pokra\u010dov\u00e1n\u00ed textu <span class=\"screen-reader-text\">Poselstv\u00ed Marie. (sestersk\u00e9 2015)<\/span> <span class=\"meta-nav\">&rarr;<\/span><\/a><\/p>\n","protected":false},"author":2,"featured_media":0,"parent":328,"menu_order":14,"comment_status":"open","ping_status":"open","template":"","meta":[],"_links":{"self":[{"href":"https:\/\/www.josefknoflicek.cz\/index.php?rest_route=\/wp\/v2\/pages\/1281"}],"collection":[{"href":"https:\/\/www.josefknoflicek.cz\/index.php?rest_route=\/wp\/v2\/pages"}],"about":[{"href":"https:\/\/www.josefknoflicek.cz\/index.php?rest_route=\/wp\/v2\/types\/page"}],"author":[{"embeddable":true,"href":"https:\/\/www.josefknoflicek.cz\/index.php?rest_route=\/wp\/v2\/users\/2"}],"replies":[{"embeddable":true,"href":"https:\/\/www.josefknoflicek.cz\/index.php?rest_route=%2Fwp%2Fv2%2Fcomments&post=1281"}],"version-history":[{"count":1,"href":"https:\/\/www.josefknoflicek.cz\/index.php?rest_route=\/wp\/v2\/pages\/1281\/revisions"}],"predecessor-version":[{"id":1282,"href":"https:\/\/www.josefknoflicek.cz\/index.php?rest_route=\/wp\/v2\/pages\/1281\/revisions\/1282"}],"up":[{"embeddable":true,"href":"https:\/\/www.josefknoflicek.cz\/index.php?rest_route=\/wp\/v2\/pages\/328"}],"wp:attachment":[{"href":"https:\/\/www.josefknoflicek.cz\/index.php?rest_route=%2Fwp%2Fv2%2Fmedia&parent=1281"}],"curies":[{"name":"wp","href":"https:\/\/api.w.org\/{rel}","templated":true}]}}