{"id":1576,"date":"2016-02-24T16:14:14","date_gmt":"2016-02-24T15:14:14","guid":{"rendered":"http:\/\/www.josefknoflicek.cz\/?page_id=1576"},"modified":"2021-01-25T22:42:15","modified_gmt":"2021-01-25T21:42:15","slug":"poselstvi-moudre-zeny-ii-usta","status":"publish","type":"page","link":"https:\/\/www.josefknoflicek.cz\/?page_id=1576","title":{"rendered":"Poselstv\u00ed moudr\u00e9 \u017eeny II. &#8211; \u00fasta"},"content":{"rendered":"<p>Moudr\u00e1 \u017eena buduje sv\u016fj domov &#8211; \u00fasta<\/p>\n<p style=\"text-align: justify;\">P\u00e1n dal, tak se tedy z milosti Bo\u017e\u00ed budu zam\u00fd\u0161let nad t\u00edm, jak jako \u017eena mohu bo\u0159it nebo budovat sv\u016fj domov. Uv\u011bdomuji si, \u017ee slova maj\u00ed obrovskou moc a \u010dasto si neuv\u011bdomujeme, jak \u0161kod\u00edme slovy sob\u011b, sv\u00fdm domov\u016fm, rodin\u00e1m, i c\u00edrkvi (c\u00edrkev je tak\u00e9 d\u016fm a domov), kdy\u017e pou\u017e\u00edv\u00e1me nespr\u00e1vn\u00fdm zp\u016fsobem slova na\u0161ich vlastn\u00edch \u00fast. V list\u011b Jakuba je to velice v\u00fdsti\u017en\u011b pops\u00e1no!<\/p>\n<p style=\"text-align: justify;\">Jakub 3:5-12<br \/>\nStejn\u011b tak i <strong>jazyk je mal\u00fd sval, ale co v\u0161echno dok\u00e1\u017ee! <\/strong>Pova\u017ete, jak dok\u00e1\u017ee mali\u010dk\u00fd ohe\u0148 zap\u00e1lit velik\u00fd les. <strong>I jazyk je ohe\u0148! <\/strong>Mezi v\u0161emi org\u00e1ny na\u0161eho t\u011bla p\u0159edstavuje jazyk sv\u011bt zla. Poskvr\u0148uje cel\u00e9 t\u011blo a spaluje cel\u00fd b\u011bh \u017eivota, nebo\u0165 je rozpalov\u00e1n peklem. Lidstvo se pokou\u0161\u00ed zkrotit ka\u017ed\u00fd druh zv\u00ed\u0159at, pt\u00e1k\u016f, plaz\u016f i mo\u0159sk\u00fdch tvor\u016f a da\u0159\u00ed se mu to, ale jazyk \u017e\u00e1dn\u00fd \u010dlov\u011bk zkrotit neum\u00ed. Je to nezvl\u00e1dnuteln\u00e9 zlo, pln\u00e9 smrteln\u00e9ho jedu. J\u00edm dobro\u0159e\u010d\u00edme P\u00e1nu a Otci, j\u00edm tak\u00e9 zlo\u0159e\u010d\u00edme lidem stvo\u0159en\u00fdm k Bo\u017e\u00ed podob\u011b. <strong>Ze stejn\u00fdch \u00fast vych\u00e1z\u00ed \u017eehn\u00e1n\u00ed i prokl\u00edn\u00e1n\u00ed, ale tak tomu nem\u00e1 b\u00fdt, milovan\u00ed! <\/strong>Chrl\u00ed snad pramen ze stejn\u00e9ho \u00fast\u00ed sladkou i ho\u0159kou vodu? M\u016f\u017ee snad, brat\u0159i moji, f\u00edkovn\u00edk plodit olivy nebo vinn\u00e1 r\u00e9va f\u00edky? Stejn\u011b tak soln\u00fd pramen nevyd\u00e1v\u00e1 sladkou vodu.<\/p>\n<p style=\"text-align: justify;\">Bo\u017e\u00ed slovo d\u00e1v\u00e1 opravdu velk\u00fd d\u016fraz na \u00fasta i srdce a proto si mus\u00edme uv\u011bdomit, \u017ee i mi m\u00e1me tento mal\u00fd sval m\u00edt pod autoritou Je\u017e\u00ed\u0161e Krista. Jinak je to pro n\u00e1s smrtonosn\u00e1 zbra\u0148, kter\u00e1 v moci nep\u0159\u00edtele zni\u010d\u00ed v\u0161e v n\u00e1s i kolem n\u00e1s, na \u010dem n\u00e1m z\u00e1le\u017e\u00ed a co m\u00e1me r\u00e1di. A tak se st\u00e1v\u00e1, \u017ee vlastn\u00edmi \u00fasty bo\u0159\u00edme a ni\u010d\u00edme na\u0161e domovy, vztahy a p\u0159\u00e1telstv\u00ed d\u00edky vlastn\u00ed hlouposti. Mnohdy si to, ani neuv\u011bdomujeme a \u0159\u00edk\u00e1me si, pro\u010d jenom j\u00e1 mus\u00edm m\u00edt tak t\u011b\u017ek\u00fd \u017eivot?<\/p>\n<p style=\"text-align: justify;\">P\u0159\u00edslov\u00ed 12:14<br \/>\n<strong>Ovoce sv\u00fdch \u00fast ka\u017ed\u00fd hojn\u011b sklid\u00ed, vlastn\u00ed skutek se k \u010dlov\u011bku navr\u00e1t\u00ed.<\/strong><\/p>\n<p style=\"text-align: justify;\">P\u0159\u00edslov\u00ed 12:18<br \/>\n<strong>Un\u00e1hlen\u00e9 \u0159e\u010di bodaj\u00ed jako me\u010de, jazyk moudr\u00fdch je ale jako l\u00e9k.<\/strong><\/p>\n<p style=\"text-align: justify;\">Uv\u011bdomuji si, kolikr\u00e1t jsem vypustila tyto me\u010de ze sv\u00fdch \u00fast jen proto, \u017ee jsem sv\u016fj jazyk nepoddala P\u00e1nu Je\u017e\u00ed\u0161i a byla to lavina, kterou ne\u0161lo zastavit. Kolik jsem toho vlastn\u00edmi \u00fasty zbo\u0159ila zbyte\u010dn\u011b!<br \/>\nAle d\u00edky P\u00e1nu jsme v Bo\u017e\u00ed \u0161kole a na jeho cest\u011b k dokonalosti, proto\u017ee to co On zapo\u010dal v\u00a0n\u00e1s, m\u00e1 dostatek moci i dokon\u010dit!!!!! Haleluja, on v\u00ed p\u0159edem, kolikr\u00e1t to zkaz\u00edme a kolikr\u00e1t zv\u00edt\u011bz\u00edme a to m\u011b velmi t\u011b\u0161\u00ed.\u00a0 A kdy\u017e padneme do nep\u0159\u00e1telsk\u00e9 l\u00e9\u010dky, tak se za to je\u0161t\u011b odsuzujeme a to se potom nep\u0159\u00edtel raduje!<\/p>\n<p style=\"text-align: justify;\">N\u00e1\u0161 n\u00e1dhern\u00fd P\u00e1n je ale k n\u00e1m laskav\u00fd a milosrdn\u00fd a vede n\u00e1s na tu spr\u00e1vnou cestu l\u00e1sky a \u017eehn\u00e1n\u00ed. Tak se u\u010d\u00edm, \u017ee kdy\u017e chci \u0159\u00edct n\u011bco \u0161patn\u00e9ho \u2013 \u0159eknu si, ml\u010d, proto\u017ee co zaseji, to sklid\u00edm.<br \/>\nOvocem sv\u00fdch \u00fast se ka\u017ed\u00fd hojn\u011b naj\u00ed a du\u0161i proradn\u00fdch nasyt\u00ed n\u00e1sil\u00ed.<\/p>\n<p style=\"text-align: justify;\"><strong>Kdo hl\u00edd\u00e1 svoje \u00fasta, svou du\u0161i opatruje, na pov\u00eddav\u00e9 rty p\u0159ijde z\u00e1huba.\u00a0\u00a0\u00a0\u00a0\u00a0\u00a0\u00a0\u00a0\u00a0\u00a0\u00a0\u00a0\u00a0\u00a0\u00a0\u00a0\u00a0\u00a0\u00a0\u00a0\u00a0\u00a0\u00a0\u00a0\u00a0\u00a0\u00a0\u00a0\u00a0\u00a0\u00a0\u00a0\u00a0\u00a0\u00a0\u00a0\u00a0\u00a0\u00a0\u00a0\u00a0\u00a0\u00a0\u00a0\u00a0\u00a0\u00a0\u00a0\u00a0\u00a0\u00a0\u00a0\u00a0\u00a0\u00a0<\/strong>(P\u0159\u00edslov\u00ed 13:2 -3)<\/p>\n<p style=\"text-align: justify;\"><strong>Krotk\u00fd jazyk je stromem \u017eivota, je-li v\u0161ak pok\u0159iven\u00fd, ducha podlom\u00ed\u00a0\u00a0\u00a0\u00a0\u00a0\u00a0\u00a0\u00a0\u00a0\u00a0\u00a0\u00a0\u00a0\u00a0\u00a0\u00a0\u00a0\u00a0\u00a0\u00a0\u00a0\u00a0\u00a0\u00a0\u00a0\u00a0\u00a0\u00a0\u00a0\u00a0\u00a0\u00a0\u00a0\u00a0\u00a0\u00a0\u00a0\u00a0\u00a0\u00a0\u00a0\u00a0\u00a0\u00a0\u00a0\u00a0\u00a0\u00a0\u00a0\u00a0\u00a0\u00a0\u00a0\u00a0\u00a0\u00a0\u00a0\u00a0\u00a0\u00a0\u00a0\u00a0\u00a0\u00a0\u00a0\u00a0\u00a0\u00a0\u00a0 <\/strong>(P\u0159\u00edslov\u00ed 15:4)<\/p>\n<p style=\"text-align: justify;\"><strong>Jazyk m\u00e1 moc nad smrt\u00ed i \u017eivotem, kdo r\u00e1di mluv\u00ed , jed\u00ed jeho ovoce<\/strong>\u00a0\u00a0\u00a0\u00a0\u00a0\u00a0\u00a0\u00a0\u00a0\u00a0\u00a0\u00a0\u00a0\u00a0\u00a0\u00a0\u00a0\u00a0\u00a0\u00a0\u00a0\u00a0\u00a0\u00a0\u00a0\u00a0\u00a0\u00a0\u00a0\u00a0\u00a0\u00a0\u00a0\u00a0\u00a0\u00a0\u00a0\u00a0\u00a0\u00a0\u00a0\u00a0\u00a0\u00a0\u00a0\u00a0\u00a0\u00a0\u00a0\u00a0\u00a0\u00a0\u00a0\u00a0\u00a0\u00a0\u00a0\u00a0\u00a0\u00a0\u00a0\u00a0\u00a0\u00a0\u00a0\u00a0\u00a0\u00a0\u00a0\u00a0\u00a0(P\u0159\u00edslov\u00ed 18:21)<\/p>\n<p style=\"text-align: justify;\">A mnoh\u00e9 jin\u00e9 ver\u0161e, kter\u00e9 jsem nezm\u00ednila, najdeme v Bibli k rad\u011b jak \u017e\u00edt ten spr\u00e1vn\u00fd \u017eivot v Kristu a v\u00edt\u011bzstv\u00ed. Tak\u00e9 je velmi po\u017eehnan\u00e1 a hutn\u00e1 strava pro n\u00e1s v \u017dalmu 141, jak David jednal a bojoval ve sv\u00e9m \u017eivot\u011b (doporu\u010duji si ho \u010d\u00edst jako modlitbu).<\/p>\n<p style=\"text-align: justify;\">P\u0159eji ti, milovan\u00e1 a vz\u00e1cn\u00e1 sestro, mnoho v\u00edt\u011bzstv\u00ed a radosti p\u0159i budov\u00e1n\u00ed tv\u00e9ho domova. A\u0165 tv\u016fj d\u016fm vzkv\u00e9t\u00e1 a roste l\u00e1sky pln\u00fdmi slovy a tv\u016fj domov je v\u016fn\u00ed Kristovou, kter\u00e1 pot\u011b\u0161\u00ed a povzbud\u00ed mnoh\u00e9 hosty, kte\u0159\u00ed p\u0159ijdou k tob\u011b na n\u00e1v\u0161t\u011bvu!!!<\/p>\n<p>Je\u0161t\u011b jedno slovo na z\u00e1v\u011br.<\/p>\n<p style=\"text-align: justify;\"><strong>Kone\u010dn\u011b, bu\u010fte v\u0161ichni svorn\u00ed, soucitn\u00ed, pln\u00ed bratrsk\u00e9 l\u00e1sky, milosrdn\u00ed a skromn\u00ed. Neopl\u00e1cejte zlo zlem ani zlo\u0159e\u010den\u00ed zlo\u0159e\u010den\u00edm, ale naopak \u017eehnejte. K tomu jste p\u0159ece povol\u00e1ni a za to m\u00e1te obdr\u017eet po\u017eehn\u00e1n\u00ed.<\/strong><\/p>\n<p><strong>V\u017edy\u0165: <\/strong><\/p>\n<p style=\"text-align: center;\"><strong>,, Chce n\u011bkdo pro\u017e\u00edt \u0161\u0165astn\u00fd \u017eivot,<br \/>\n<\/strong><strong>chce n\u011bkdo okusit dobr\u00e9 dny?<br \/>\n<\/strong><strong>Takov\u00fd a\u0165 chr\u00e1n\u00ed sv\u016fj jazyk p\u0159ed zlem,<br \/>\n<\/strong><strong>v jeho \u00fastech a\u0165 nen\u00ed \u017e\u00e1dn\u00e1 lest.<br \/>\n<\/strong><strong>A\u0165 odm\u00edt\u00e1 zlo a kon\u00e1 dobro,<br \/>\n<\/strong><strong>usiluje o pokoj a nech\u00e1 se j\u00edm v\u00e9st.<br \/>\n<\/strong><strong>Hospodinovy o\u010di hled\u00ed ke spravedliv\u00fdm,<br \/>\n<\/strong><strong>u\u0161i nakl\u00e1n\u00ed k jejich modlitb\u00e1m,<br \/>\n<\/strong><strong>Hospodinova tv\u00e1\u0159 je ale obr\u00e1cen\u00e1<br \/>\n<\/strong><strong>proti pachatel\u016fm zla<br \/>\n<\/strong>(1.Petr 3:8-12)<\/p>\n<ol>\n<li style=\"text-align: justify;\">P\u0159\u00ed\u0161t\u00ed t\u00fdden se budu zam\u00fd\u0161let nad o\u010dima (pros\u00edm op\u011bt o modlitby).<\/li>\n<\/ol>\n<p>S l\u00e1skou\u00a0 Kristovou St\u00e1\u0148a<\/p>\n","protected":false},"excerpt":{"rendered":"<p>Moudr\u00e1 \u017eena buduje sv\u016fj domov &#8211; \u00fasta P\u00e1n dal, tak se tedy z milosti Bo\u017e\u00ed budu zam\u00fd\u0161let nad t\u00edm, jak jako \u017eena mohu bo\u0159it nebo budovat sv\u016fj domov. Uv\u011bdomuji si, \u017ee slova maj\u00ed obrovskou moc a \u010dasto si neuv\u011bdomujeme, jak \u0161kod\u00edme slovy sob\u011b, sv\u00fdm domov\u016fm, rodin\u00e1m, i c\u00edrkvi (c\u00edrkev je tak\u00e9 d\u016fm a domov), kdy\u017e &hellip; <a href=\"https:\/\/www.josefknoflicek.cz\/?page_id=1576\" class=\"more-link\">Pokra\u010dov\u00e1n\u00ed textu <span class=\"screen-reader-text\">Poselstv\u00ed moudr\u00e9 \u017eeny II. &#8211; \u00fasta<\/span> <span class=\"meta-nav\">&rarr;<\/span><\/a><\/p>\n","protected":false},"author":2,"featured_media":0,"parent":1547,"menu_order":1,"comment_status":"closed","ping_status":"closed","template":"","meta":[],"_links":{"self":[{"href":"https:\/\/www.josefknoflicek.cz\/index.php?rest_route=\/wp\/v2\/pages\/1576"}],"collection":[{"href":"https:\/\/www.josefknoflicek.cz\/index.php?rest_route=\/wp\/v2\/pages"}],"about":[{"href":"https:\/\/www.josefknoflicek.cz\/index.php?rest_route=\/wp\/v2\/types\/page"}],"author":[{"embeddable":true,"href":"https:\/\/www.josefknoflicek.cz\/index.php?rest_route=\/wp\/v2\/users\/2"}],"replies":[{"embeddable":true,"href":"https:\/\/www.josefknoflicek.cz\/index.php?rest_route=%2Fwp%2Fv2%2Fcomments&post=1576"}],"version-history":[{"count":1,"href":"https:\/\/www.josefknoflicek.cz\/index.php?rest_route=\/wp\/v2\/pages\/1576\/revisions"}],"predecessor-version":[{"id":1577,"href":"https:\/\/www.josefknoflicek.cz\/index.php?rest_route=\/wp\/v2\/pages\/1576\/revisions\/1577"}],"up":[{"embeddable":true,"href":"https:\/\/www.josefknoflicek.cz\/index.php?rest_route=\/wp\/v2\/pages\/1547"}],"wp:attachment":[{"href":"https:\/\/www.josefknoflicek.cz\/index.php?rest_route=%2Fwp%2Fv2%2Fmedia&parent=1576"}],"curies":[{"name":"wp","href":"https:\/\/api.w.org\/{rel}","templated":true}]}}