{"id":2346,"date":"2016-09-09T13:05:39","date_gmt":"2016-09-09T12:05:39","guid":{"rendered":"http:\/\/www.josefknoflicek.cz\/?page_id=2346"},"modified":"2023-12-05T21:24:52","modified_gmt":"2023-12-05T20:24:52","slug":"knihy","status":"publish","type":"page","link":"https:\/\/www.josefknoflicek.cz\/?page_id=2346","title":{"rendered":"Knihy"},"content":{"rendered":"<p><a href=\"http:\/\/www.josefknoflicek.cz\/wp-content\/uploads\/2016\/09\/kniha-2_113303.jpg\"><img loading=\"lazy\" class=\" wp-image-2337 alignleft\" src=\"http:\/\/www.josefknoflicek.cz\/wp-content\/uploads\/2016\/09\/kniha-2_113303-300x258.jpg\" alt=\"kniha 2_113303\" width=\"255\" height=\"219\" srcset=\"https:\/\/www.josefknoflicek.cz\/wp-content\/uploads\/2016\/09\/kniha-2_113303-300x258.jpg 300w, https:\/\/www.josefknoflicek.cz\/wp-content\/uploads\/2016\/09\/kniha-2_113303-768x661.jpg 768w, https:\/\/www.josefknoflicek.cz\/wp-content\/uploads\/2016\/09\/kniha-2_113303-1024x882.jpg 1024w, https:\/\/www.josefknoflicek.cz\/wp-content\/uploads\/2016\/09\/kniha-2_113303.jpg 1873w\" sizes=\"(max-width: 255px) 100vw, 255px\" \/>184 stran<br \/>Krou\u017ekov\u00e1 vazba<br \/>(kovov\u00e1)<br \/>Kniha je prvn\u00ed ze t\u0159\u00ed zam\u00fd\u0161len\u00fdch knih.<br \/>Je sestavena ze sta\u00a0\u00favah nad \u017eivotem a slu\u017ebou k\u0159es\u0165ana a c\u00edrkve, kter\u00e9 vy\u0161ly na webov\u00fdch str\u00e1nk\u00e1ch jako zamy\u0161len\u00ed na ka\u017ed\u00fd den a z vyu\u010dov\u00e1n\u00ed nejen pro \u017eeny. Poselstv\u00ed moudr\u00e9 \u017eeny, jak je nazvan\u00e9 vyu\u010dov\u00e1n\u00ed,\u00a0se zam\u011b\u0159uje na na\u0161e\u00a0srdce, \u00fasta, o\u010di a u\u0161i.<\/a><\/p>\n<p>Knihu nejde prod\u00e1vat, ale p\u0159ij\u00edm\u00e1me za ni dobrovoln\u00fd dar.<br \/>Doporu\u010den\u00e1 v\u00fd\u0161e tohoto daru je:<br \/>3,5 \u20ac<br \/>100,- K\u010d<br \/>+ po\u0161tovn\u00e9 (je mo\u017en\u00e9 se telefonicky dohodnout na osobn\u00edm p\u0159ed\u00e1n\u00ed na konkr\u00e9tn\u00edm m\u00edst\u011b)<br \/>a zahrnuje n\u00e1klady na materi\u00e1l, energii, tisk (amortizaci tisk\u00e1rny).<br \/>Tento dar n\u00e1m pom\u016f\u017ee p\u0159i vyd\u00e1v\u00e1n\u00ed dal\u0161\u00edch knih.<br \/>Objednat ji m\u016f\u017eete na adrese:<br \/>knoflickovi@volny.cz<br \/>nebo telefonicky:<br \/>CZ 773795007<br \/>SK 0940438110<\/p>\n<p style=\"text-align: justify;\">Knihu jsme\u00a0vytiskli a sv\u00e1zali\u00a0b\u011bhem\u00a0na\u0161\u00ed t\u00fddenn\u00ed dovolen\u00e9.<br \/>V\u00fdtisk je ur\u010den\u00fd pro ty, kte\u0159\u00ed daj\u00ed p\u0159ednost ti\u0161t\u011bn\u00e9mu textu p\u0159ed textem na internetu. Nev\u00edme, zda v\u00fdtisk m\u016f\u017eeme nazvat knihou. Asi ano, proto\u017ee ur\u010dit\u011b nen\u00ed na jedno pou\u017eit\u00ed jako bro\u017eury, i kdy\u017e je v krou\u017ekov\u00e9 vazb\u011b. Bylo to n\u011bkolik des\u00edtek hodin u tisk\u00e1rny, p\u0159i oprav\u00e1ch a\u00a0p\u0159i\u00a0kone\u010dn\u00e9m v\u00e1z\u00e1n\u00ed do krou\u017ekov\u00e9 vazby. Kniha vznikla tak\u0159\u00edkaj\u00edc na &#8222;kolen\u011b&#8220;. Ale je na sv\u011bt\u011b. V\u011b\u0159\u00edme, \u017ee do konce roku ji p\u0159ibudou dal\u0161\u00ed dv\u011b sest\u0159i\u010dky.<\/p>\n<p style=\"text-align: justify;\">D\u011blali jsme v\u0161e sami, tedy i bez ciz\u00ed jazykov\u00e9 korektury. I kdy\u017e jsme se sna\u017eili (\u010dty\u0159ikr\u00e1t jsme text p\u0159e\u010detli a opravovali chyby), p\u0159edpokl\u00e1d\u00e1me, \u017ee tam st\u00e1le chyby budou. Omlouv\u00e1me se za to v\u0161em \u201e\u010de\u0161tin\u00e1\u0159\u016fm\u201c a \u010de\u0161tin\u011b samotn\u00e9.<\/p>\n<p style=\"text-align: justify;\"><strong>R\u016fst do plnosti<\/strong><\/p>\n<p style=\"text-align: justify;\">Sto stran v krou\u017ekov\u00e9 vazb\u011b, kter\u00e9 pojedn\u00e1vaj\u00ed o ovoci Ducha a duchovn\u00edch darech. Kniha prakticky krok za krokem otev\u00edr\u00e1\u00a0pohled na r\u016fst ovoce Ducha svat\u00e9ho v n\u00e1s.\u00a0Pravdu o tom, k\u00fdm jsme se stali v Kristu, pro\u010d n\u011bkter\u00e9 v\u011bci nefunguj\u00ed, co je vlastn\u011b ono ovoce\u00a0a p\u0159edev\u0161\u00edm jak\u00a0ho nechat\u00a0vyr\u016fstat v n\u00e1s. Druh\u00e1 \u010d\u00e1st knihy se d\u00edv\u00e1 na dary Ducha svat\u00e9ho a na jejich pou\u017e\u00edv\u00e1n\u00ed.<br \/>V\u011b\u0159\u00edm, \u017ee kniha pom\u016f\u017ee mnoh\u00fdm\u00a0k r\u016fstu do plnosti Kristovy.<\/p>\n<p>Textov\u00e1 korektura: Ji\u0159ina Michalov\u00e1<\/p>\n<p style=\"text-align: justify;\"><a href=\"http:\/\/www.josefknoflicek.cz\/wp-content\/uploads\/2017\/02\/R\u016fst-do-plnosti-foto.jpg\"><img loading=\"lazy\" class=\"alignnone size-medium wp-image-3053\" src=\"http:\/\/www.josefknoflicek.cz\/wp-content\/uploads\/2017\/02\/R\u016fst-do-plnosti-foto-287x300.jpg\" alt=\"\" width=\"287\" height=\"300\" srcset=\"https:\/\/www.josefknoflicek.cz\/wp-content\/uploads\/2017\/02\/R\u016fst-do-plnosti-foto-287x300.jpg 287w, https:\/\/www.josefknoflicek.cz\/wp-content\/uploads\/2017\/02\/R\u016fst-do-plnosti-foto-768x802.jpg 768w, https:\/\/www.josefknoflicek.cz\/wp-content\/uploads\/2017\/02\/R\u016fst-do-plnosti-foto-980x1024.jpg 980w, https:\/\/www.josefknoflicek.cz\/wp-content\/uploads\/2017\/02\/R\u016fst-do-plnosti-foto.jpg 1560w\" sizes=\"(max-width: 287px) 100vw, 287px\" \/><\/a><\/p>\n<p>Knihu nejde prod\u00e1vat, ale p\u0159ij\u00edm\u00e1me za ni dobrovoln\u00fd dar.<br \/>Doporu\u010den\u00e1 v\u00fd\u0161e tohoto daru je:<br \/>3,5 \u20ac<br \/>100,- K\u010d<br \/>+ po\u0161tovn\u00e9 (je mo\u017en\u00e9 se telefonicky dohodnout na osobn\u00edm p\u0159ed\u00e1n\u00ed na konkr\u00e9tn\u00edm m\u00edst\u011b)<br \/>a zahrnuje n\u00e1klady na materi\u00e1l, energii, tisk (amortizaci tisk\u00e1rny).<br \/>Tento dar n\u00e1m pom\u016f\u017ee p\u0159i vyd\u00e1v\u00e1n\u00ed dal\u0161\u00edch knih.<br \/>Objednat ji m\u016f\u017eete na adrese:<br \/>knoflickovi@volny.cz<br \/>nebo telefonicky:<br \/>CZ 773795007<br \/>SK 0940438110<\/p>\n<p>Proto\u017ee je pro n\u00e1s \u010dasov\u011b n\u00e1ro\u010dn\u00e9 tisknout jednotliv\u00e9 knihy v tisk\u00e1rn\u011b a v\u00e1zat je a proto\u017ee nesledujeme \u017e\u00e1dn\u00fd zisk z t\u00e9to knihy, ale naopak chceme, aby byla aspo\u0148 trochu pomoc\u00ed t\u011bm, kte\u0159\u00ed ji pot\u0159ebuj\u00ed nech\u00e1v\u00e1me ji zde ke sta\u017een\u00ed pro ty, kte\u0159\u00ed ji cht\u011bj\u00ed.<\/p>\n<p><a href=\"http:\/\/www.josefknoflicek.cz\/wp-content\/uploads\/2016\/09\/R\u016fst-do-plnosti-ovoce-a-dary-Ducha.pdf\">R\u016fst do plnosti &#8211; ovoce a dary Ducha<\/a><\/p>\n<p>Tak\u00e9 zde nech\u00e1v\u00e1me ke sta\u017een\u00ed pracovn\u00ed verzi kniky &#8211; pracovn\u00ed \u0161e\u0161it ve slovens\u0161tin\u011b<\/p>\n<p><a href=\"http:\/\/www.josefknoflicek.cz\/wp-content\/uploads\/2016\/09\/Rast-do-plnosti-sk.pdf\">Rast do plnosti sk<\/a><\/p>\n<p><span lang=\"en\">and also the English version<\/span><\/p>\n<p><a href=\"http:\/\/www.josefknoflicek.cz\/wp-content\/uploads\/2016\/09\/Fruit-of-the-Spirit-Gifts-of-Spirit.pdf\">Fruit of the Spirit Gifts of Spirit<\/a><\/p>\n<p><strong>Dopisy Petrovi<\/strong><\/p>\n<p>Sedm dopis\u016f u\u010dedn\u00edku a za\u010d\u00ednaj\u00edc\u00edmu vedouc\u00edmu,<br \/>kter\u00e9 mu maj\u00ed pomoci v po\u010d\u00e1tc\u00edch jeho slu\u017eby.<\/p>\n<p><a href=\"http:\/\/www.josefknoflicek.cz\/wp-content\/uploads\/2016\/09\/Dopisy-Petrovi.pdf\">Dopisy Petrovi<\/a><\/p>\n<p><strong>I KDY\u017d NECH\u00c1PEME, JSME<\/strong><\/p>\n<p>Na webov\u00fdch str\u00e1nk\u00e1ch jsem k dne\u0161n\u00edmu dni uve\u0159ejnil 949 zamy\u0161len\u00ed, vyu\u010dov\u00e1n\u00ed, poh\u00e1dek,&#8230;\u00a0\u00a0N\u011bkter\u00e9 z nich na sebe navazovaly, ale ne v\u017edy jsem je mohl ps\u00e1t hned za sebou. Nyn\u00ed se je sna\u017e\u00edm se\u0159adit podle t\u00e9mat, aby se l\u00e9pe \u010detli. Ud\u011blat z nich mal\u00e9 se\u0161itky. Od t\u011bch nejmlad\u0161\u00edch k nejstar\u0161\u00edm. Ur\u010dit\u011b to chv\u00edli potrv\u00e1, proto\u017ee p\u0159i jejich \u010dten\u00ed se sna\u017e\u00edm p\u0159\u00edsp\u011bvky je\u0161t\u011b revidovat. Psal jsem je v\u017edy bez p\u0159\u00edpravy.<br \/>Prvn\u00edch p\u011bt se\u0161itk\u016f postupn\u011b vyjde pod spole\u010dn\u00fdm n\u00e1zvem:<br \/>I KDY\u017d NECH\u00c1PEME, JSME (I.-V.)<\/p>\n<p>I. STVO\u0158EN\u00cd<\/p>\n<p><a href=\"https:\/\/www.josefknoflicek.cz\/wp-content\/uploads\/2023\/07\/I.-Stvoreni.jpg\"><img loading=\"lazy\" class=\"alignnone size-medium wp-image-6502\" src=\"https:\/\/www.josefknoflicek.cz\/wp-content\/uploads\/2023\/07\/I.-Stvoreni-209x300.jpg\" alt=\"\" width=\"209\" height=\"300\" srcset=\"https:\/\/www.josefknoflicek.cz\/wp-content\/uploads\/2023\/07\/I.-Stvoreni-209x300.jpg 209w, https:\/\/www.josefknoflicek.cz\/wp-content\/uploads\/2023\/07\/I.-Stvoreni.jpg 586w\" sizes=\"(max-width: 209px) 100vw, 209px\" \/><\/a><br \/>Klikn\u011bte sem:<br \/><a href=\"https:\/\/www.josefknoflicek.cz\/wp-content\/uploads\/2023\/07\/I-KDYZ-NECHAPEME-JSME-I.pdf\">I KDY\u017d NECH\u00c1PEME, JSME I<\/a><\/p>\n<p>II. P\u00c1D \u010cLOV\u011aKA,<br \/>PROKLET\u00cd ZEM\u011a<br \/>A ZASL\u00cdBEN\u00cd KRISTA<\/p>\n<p><a href=\"https:\/\/www.josefknoflicek.cz\/wp-content\/uploads\/2023\/07\/II.-Pad-cloveka-prokleti-zeme-a-zaslibeni-Krista.jpg\"><img loading=\"lazy\" class=\"alignnone size-medium wp-image-6503\" src=\"https:\/\/www.josefknoflicek.cz\/wp-content\/uploads\/2023\/07\/II.-Pad-cloveka-prokleti-zeme-a-zaslibeni-Krista-210x300.jpg\" alt=\"\" width=\"210\" height=\"300\" srcset=\"https:\/\/www.josefknoflicek.cz\/wp-content\/uploads\/2023\/07\/II.-Pad-cloveka-prokleti-zeme-a-zaslibeni-Krista-210x300.jpg 210w, https:\/\/www.josefknoflicek.cz\/wp-content\/uploads\/2023\/07\/II.-Pad-cloveka-prokleti-zeme-a-zaslibeni-Krista.jpg 592w\" sizes=\"(max-width: 210px) 100vw, 210px\" \/><\/a><br \/>Klikn\u011bte sem:<br \/><a href=\"https:\/\/www.josefknoflicek.cz\/wp-content\/uploads\/2023\/07\/I-KDYZ-NECHAPEMEJSME-II.pdf\">I KDY\u017d NECH\u00c1PEME,JSME II<\/a><\/p>\n<p>III. \u00a0OD ADAMA K NOEMU<br \/><a href=\"https:\/\/www.josefknoflicek.cz\/wp-content\/uploads\/2023\/07\/III.-Od-Adama-k-Noemu.jpg\"><img loading=\"lazy\" class=\"alignnone size-medium wp-image-6515\" src=\"https:\/\/www.josefknoflicek.cz\/wp-content\/uploads\/2023\/07\/III.-Od-Adama-k-Noemu-211x300.jpg\" alt=\"\" width=\"211\" height=\"300\" srcset=\"https:\/\/www.josefknoflicek.cz\/wp-content\/uploads\/2023\/07\/III.-Od-Adama-k-Noemu-211x300.jpg 211w, https:\/\/www.josefknoflicek.cz\/wp-content\/uploads\/2023\/07\/III.-Od-Adama-k-Noemu-720x1024.jpg 720w, https:\/\/www.josefknoflicek.cz\/wp-content\/uploads\/2023\/07\/III.-Od-Adama-k-Noemu.jpg 740w\" sizes=\"(max-width: 211px) 100vw, 211px\" \/><\/a><br \/>Klikn\u011bte sem:<\/p>\n<p><a href=\"https:\/\/www.josefknoflicek.cz\/wp-content\/uploads\/2023\/07\/I-KDYZ-NECHAPEME-JSME-III.pdf\">I KDY\u017d NECH\u00c1PEME, JSME III<\/a><\/p>\n<p>IV. OD NOEMA K ABRAH\u00c1MOVI<br \/><a href=\"https:\/\/www.josefknoflicek.cz\/wp-content\/uploads\/2023\/07\/OD-NOEMA-K-ABRAHAMOVI.jpg\"><img loading=\"lazy\" class=\"alignnone size-medium wp-image-6521\" src=\"https:\/\/www.josefknoflicek.cz\/wp-content\/uploads\/2023\/07\/OD-NOEMA-K-ABRAHAMOVI-211x300.jpg\" alt=\"\" width=\"211\" height=\"300\" srcset=\"https:\/\/www.josefknoflicek.cz\/wp-content\/uploads\/2023\/07\/OD-NOEMA-K-ABRAHAMOVI-211x300.jpg 211w, https:\/\/www.josefknoflicek.cz\/wp-content\/uploads\/2023\/07\/OD-NOEMA-K-ABRAHAMOVI-720x1024.jpg 720w, https:\/\/www.josefknoflicek.cz\/wp-content\/uploads\/2023\/07\/OD-NOEMA-K-ABRAHAMOVI.jpg 742w\" sizes=\"(max-width: 211px) 100vw, 211px\" \/><\/a><br \/>Klikn\u011bte sem:<\/p>\n<p><a href=\"https:\/\/www.josefknoflicek.cz\/wp-content\/uploads\/2023\/07\/I-KDYZ-NECHAPEME-JSME-IV.pdf\">I KDY\u017d NECH\u00c1PEME, JSME IV<\/a><\/p>\n\n\n<p><\/p>\n","protected":false},"excerpt":{"rendered":"<p>184 stranKrou\u017ekov\u00e1 vazba(kovov\u00e1)Kniha je prvn\u00ed ze t\u0159\u00ed zam\u00fd\u0161len\u00fdch knih.Je sestavena ze sta\u00a0\u00favah nad \u017eivotem a slu\u017ebou k\u0159es\u0165ana a c\u00edrkve, kter\u00e9 vy\u0161ly na webov\u00fdch str\u00e1nk\u00e1ch jako zamy\u0161len\u00ed na ka\u017ed\u00fd den a z vyu\u010dov\u00e1n\u00ed nejen pro \u017eeny. Poselstv\u00ed moudr\u00e9 \u017eeny, jak je nazvan\u00e9 vyu\u010dov\u00e1n\u00ed,\u00a0se zam\u011b\u0159uje na na\u0161e\u00a0srdce, \u00fasta, o\u010di a u\u0161i. Knihu nejde prod\u00e1vat, ale p\u0159ij\u00edm\u00e1me za &hellip; <a href=\"https:\/\/www.josefknoflicek.cz\/?page_id=2346\" class=\"more-link\">Pokra\u010dov\u00e1n\u00ed textu <span class=\"screen-reader-text\">Knihy<\/span> <span class=\"meta-nav\">&rarr;<\/span><\/a><\/p>\n","protected":false},"author":2,"featured_media":0,"parent":2344,"menu_order":2,"comment_status":"closed","ping_status":"closed","template":"","meta":[],"_links":{"self":[{"href":"https:\/\/www.josefknoflicek.cz\/index.php?rest_route=\/wp\/v2\/pages\/2346"}],"collection":[{"href":"https:\/\/www.josefknoflicek.cz\/index.php?rest_route=\/wp\/v2\/pages"}],"about":[{"href":"https:\/\/www.josefknoflicek.cz\/index.php?rest_route=\/wp\/v2\/types\/page"}],"author":[{"embeddable":true,"href":"https:\/\/www.josefknoflicek.cz\/index.php?rest_route=\/wp\/v2\/users\/2"}],"replies":[{"embeddable":true,"href":"https:\/\/www.josefknoflicek.cz\/index.php?rest_route=%2Fwp%2Fv2%2Fcomments&post=2346"}],"version-history":[{"count":17,"href":"https:\/\/www.josefknoflicek.cz\/index.php?rest_route=\/wp\/v2\/pages\/2346\/revisions"}],"predecessor-version":[{"id":6536,"href":"https:\/\/www.josefknoflicek.cz\/index.php?rest_route=\/wp\/v2\/pages\/2346\/revisions\/6536"}],"up":[{"embeddable":true,"href":"https:\/\/www.josefknoflicek.cz\/index.php?rest_route=\/wp\/v2\/pages\/2344"}],"wp:attachment":[{"href":"https:\/\/www.josefknoflicek.cz\/index.php?rest_route=%2Fwp%2Fv2%2Fmedia&parent=2346"}],"curies":[{"name":"wp","href":"https:\/\/api.w.org\/{rel}","templated":true}]}}