{"id":2478,"date":"2016-09-18T00:01:07","date_gmt":"2016-09-17T23:01:07","guid":{"rendered":"http:\/\/www.josefknoflicek.cz\/?page_id=2478"},"modified":"2021-01-25T22:13:17","modified_gmt":"2021-01-25T21:13:17","slug":"ovoce-ducha-laska","status":"publish","type":"page","link":"https:\/\/www.josefknoflicek.cz\/?page_id=2478","title":{"rendered":"OVOCE DUCHA &#8211; L\u00c1SKA"},"content":{"rendered":"<p><strong><em><u>9. L\u00c1SKA<\/u><\/em><\/strong><\/p>\n<p style=\"text-align: justify;\"><strong><em>Ovocem Ducha je pak <u>l\u00e1ska<\/u>, radost, pokoj, trp\u011blivost, laskavost, dobrota, v\u011brnost, m\u00edrnost, sebeovl\u00e1d\u00e1n\u00ed.<\/em><\/strong><em> (Galatsk\u00fdm 5:22)<\/em><\/p>\n<p style=\"text-align: justify;\"><em>O l\u00e1sce je toho mnoho napsan\u00e9ho. Jak v Bibli, tak ve sv\u011btsk\u00e9\u00a0poezii a\u00a0rom\u00e1nech. O l\u00e1sce bylo nato\u010deno mnoho film\u016f, muzik\u00e1l\u016f a inscenac\u00ed. P\u0159esto je t\u011b\u017ek\u00e9 vyj\u00e1d\u0159it l\u00e1sku slovy.\u00a0A\u00a0jedn\u00edm slovem je to \u00fapln\u011b nemo\u017en\u00e9.\u00a0 Pokud nepou\u017eiji slovo B\u016fh. <\/em><\/p>\n<p style=\"text-align: justify;\"><em>V\u011bt\u0161ina z lid\u00ed si pod slovem l\u00e1ska p\u0159edstavuje cit. Citov\u00e9 vyj\u00e1d\u0159en\u00ed vztahu. Ka\u017ed\u00e9 vyj\u00e1d\u0159en\u00ed sebou v\u0161ak nese n\u011bjak\u00fd skutek. Bez n\u011bho by byl cit skryt\u00fd,\u00a0 nikdo by o n\u011bm nev\u011bd\u011bl. Ani ten, komu je ur\u010den\u00fd. Vlastn\u011b l\u00e1ska bez uskute\u010dn\u011bn\u00e9ho projevu nen\u00ed skute\u010dnou l\u00e1skou. Je pouze sn\u011bn\u00edm. Snem.<\/em><\/p>\n<p style=\"text-align: justify;\"><em>Apo\u0161tol Pavel pot\u0159ebuje na jej\u00ed vyj\u00e1d\u0159en\u00ed jednu celou kapitolu v Bibli (1.Korintsk\u00fdm 13). Kdy\u017e ji budeme pozorn\u011b \u010d\u00edst, zjist\u00edme, \u017ee l\u00e1ska je\u00a0souhrn\u00a0mnoha r\u016fzn\u00fdch projev\u016f a vlastnost\u00ed.\u00a0Skute\u010dn\u00e1 Bo\u017e\u00ed l\u00e1ska je souhrnem\u00a0 vlastnost\u00ed\u00a0Ducha svat\u00e9ho. Tak, jak roste ovoce &#8211; tyto vlastnosti, projevy a j\u00e1 bych \u0159ekl charakter\u00a0Ducha svat\u00e9ho v n\u00e1s, tak roste a napl\u0148uje se Bo\u017e\u00ed l\u00e1ska v n\u00e1s.<\/em><\/p>\n<p style=\"text-align: justify;\"><em>B\u016fh je l\u00e1ska. Duch svat\u00fd, kter\u00fd n\u00e1m byl darov\u00e1n, je l\u00e1ska v n\u00e1s.<br \/>\n<\/em><em>Co to znamen\u00e1? P\u0159edev\u0161\u00edm to, \u017ee NEmus\u00edme prosit neust\u00e1le o v\u00edce l\u00e1sky, o v\u011bt\u0161\u00ed l\u00e1sku apod. Pokud jsme p\u0159ijali\u00a0Ducha svat\u00e9ho, pak m\u00e1me v sob\u011b i jeho l\u00e1sku. Nen\u00ed \u017e\u00e1dn\u00e1 v\u011bt\u0161\u00ed l\u00e1ska ne\u017e tato.<br \/>\n<\/em><em>Je to Kristova l\u00e1ska v n\u00e1s. M\u00e1\u0161, m\u00e1me l\u00e1sku\u00a0Bo\u017e\u00ed. To, co mus\u00edme, je nechat ji dor\u016fstat do plnosti v n\u00e1s. Dor\u016fstat do plnosti znamen\u00e1 nechat r\u016fst ovoce Ducha svat\u00e9ho v n\u00e1s. Souhrn v\u0161ech jeho vlastnost\u00ed. \u010c\u00edm v\u00edce mu to dovol\u00edme, t\u00edm v\u00edce a rychleji v n\u00e1s poroste a t\u00edm i l\u00e1ska dojde v n\u00e1s napln\u011bn\u00ed. \u010c\u00edm &#8222;ost\u0159ej\u0161\u00ed&#8220; rysy ovoce, t\u00edm v\u00e1\u0161niv\u011bj\u0161\u00ed vyj\u00e1d\u0159en\u00ed. Ovoce Ducha (charakter Bo\u017e\u00ed) roste v n\u00e1s jen tehdy, pokud se umen\u0161uje na\u0161e J\u00c1. \u010c\u00edm m\u00e9n\u011b j\u00e1, t\u00edm v\u00edce ON, kter\u00fd je l\u00e1ska. T\u00edm se st\u00e1v\u00e1me podobn\u011bj\u0161\u00ed Je\u017e\u00ed\u0161i, kter\u00e9ho m\u00e1 oslavit n\u00e1\u0161 \u017eivot a Duch svat\u00fd v n\u00e1s a skrze n\u00e1s.<\/em><\/p>\n<p><em> Ot\u010de, d\u011bkuji ti za dar Ducha svat\u00e9ho.<\/em><\/p>\n","protected":false},"excerpt":{"rendered":"<p>9. L\u00c1SKA Ovocem Ducha je pak l\u00e1ska, radost, pokoj, trp\u011blivost, laskavost, dobrota, v\u011brnost, m\u00edrnost, sebeovl\u00e1d\u00e1n\u00ed. (Galatsk\u00fdm 5:22) O l\u00e1sce je toho mnoho napsan\u00e9ho. Jak v Bibli, tak ve sv\u011btsk\u00e9\u00a0poezii a\u00a0rom\u00e1nech. O l\u00e1sce bylo nato\u010deno mnoho film\u016f, muzik\u00e1l\u016f a inscenac\u00ed. P\u0159esto je t\u011b\u017ek\u00e9 vyj\u00e1d\u0159it l\u00e1sku slovy.\u00a0A\u00a0jedn\u00edm slovem je to \u00fapln\u011b nemo\u017en\u00e9.\u00a0 Pokud nepou\u017eiji slovo B\u016fh. V\u011bt\u0161ina &hellip; <a href=\"https:\/\/www.josefknoflicek.cz\/?page_id=2478\" class=\"more-link\">Pokra\u010dov\u00e1n\u00ed textu <span class=\"screen-reader-text\">OVOCE DUCHA &#8211; L\u00c1SKA<\/span> <span class=\"meta-nav\">&rarr;<\/span><\/a><\/p>\n","protected":false},"author":2,"featured_media":0,"parent":2456,"menu_order":9,"comment_status":"closed","ping_status":"closed","template":"","meta":[],"_links":{"self":[{"href":"https:\/\/www.josefknoflicek.cz\/index.php?rest_route=\/wp\/v2\/pages\/2478"}],"collection":[{"href":"https:\/\/www.josefknoflicek.cz\/index.php?rest_route=\/wp\/v2\/pages"}],"about":[{"href":"https:\/\/www.josefknoflicek.cz\/index.php?rest_route=\/wp\/v2\/types\/page"}],"author":[{"embeddable":true,"href":"https:\/\/www.josefknoflicek.cz\/index.php?rest_route=\/wp\/v2\/users\/2"}],"replies":[{"embeddable":true,"href":"https:\/\/www.josefknoflicek.cz\/index.php?rest_route=%2Fwp%2Fv2%2Fcomments&post=2478"}],"version-history":[{"count":2,"href":"https:\/\/www.josefknoflicek.cz\/index.php?rest_route=\/wp\/v2\/pages\/2478\/revisions"}],"predecessor-version":[{"id":2484,"href":"https:\/\/www.josefknoflicek.cz\/index.php?rest_route=\/wp\/v2\/pages\/2478\/revisions\/2484"}],"up":[{"embeddable":true,"href":"https:\/\/www.josefknoflicek.cz\/index.php?rest_route=\/wp\/v2\/pages\/2456"}],"wp:attachment":[{"href":"https:\/\/www.josefknoflicek.cz\/index.php?rest_route=%2Fwp%2Fv2%2Fmedia&parent=2478"}],"curies":[{"name":"wp","href":"https:\/\/api.w.org\/{rel}","templated":true}]}}