{"id":2890,"date":"2016-12-29T11:16:54","date_gmt":"2016-12-29T10:16:54","guid":{"rendered":"http:\/\/www.josefknoflicek.cz\/?page_id=2890"},"modified":"2021-01-25T22:43:02","modified_gmt":"2021-01-25T21:43:02","slug":"pohadka-o-cedniku","status":"publish","type":"page","link":"https:\/\/www.josefknoflicek.cz\/?page_id=2890","title":{"rendered":"Poh\u00e1dka o cedn\u00edku"},"content":{"rendered":"<p style=\"text-align: justify;\">Pohodln\u011b sed\u011bl ve sv\u00e9m \u0161upl\u00edku. Dlouho. Nikdo ho je\u0161t\u011b na nic nepou\u017eil. P\u0159edt\u00edm si st\u00e1le hov\u011bl n\u011bkde v reg\u00e1le mezi ostatn\u00edm kuchy\u0148sk\u00fdm n\u00e1\u010din\u00edm. Nejd\u0159\u00edve ve skladu a pozd\u011bji v\u00a0obchod\u011b. Tam se mu l\u00edbilo. Moc se mu tam l\u00edbilo. Cel\u00fd den na n\u011bho sv\u00edtilo sv\u011btlo a on mohl ukazovat sv\u00e9 d\u00edrky, kter\u00e9 vytv\u00e1\u0159ely\u00a0po jeho t\u011ble pravideln\u00fd vzor. P\u0159edev\u0161\u00edm se sv\u011btlo odr\u00e1\u017eelo\u00a0od jeho\u00a0velk\u00e9ho t\u011bla. Vypadal kr\u00e1sn\u011b. L\u00edbil se s\u00e1m sob\u011b. Pak ho vzali z reg\u00e1lu a str\u010dili ho do ta\u0161ky a vz\u00e1p\u011bt\u00ed do tohoto \u0161upl\u00edku.<br \/>\n\u201eNo, sv\u011btlo tu nen\u00ed, ale je tu mnoho jin\u00fdch koleg\u016f a je to celkem z\u00e1bava. St\u00e1v\u00e1 se, \u017ee je n\u011bkdo st\u00e1le bere, tedy n\u011bkter\u00e9 z nich, pak je zase vrac\u00ed. Tedy ne n\u011bkter\u00e9, ale v\u0161echny mimo mne. Oni\u00a0pak nad\u0161en\u011b vypravuj\u00ed, jak mohli p\u0159ipravovat, om\u00e1\u010dku, nab\u00edrat n\u011bco, \u010demu \u0159\u00edkaj\u00ed pol\u00e9vka, nebo m\u00edchat n\u011bjakou hmotu, kter\u00e1 jim moc chutnala, proto\u017ee byla sladk\u00e1. Ti star\u0161\u00ed a zku\u0161en\u011bj\u0161\u00ed ji\u017e p\u0159esn\u011b v\u00ed, kdy je vyzvednou a co budou asi d\u011blat.\u201c<br \/>\nKdy\u017e tak pro sebe\u00a0hodnotil situaci, najednou zesmutn\u011bl.<br \/>\n\u201eA co j\u00e1? Mne st\u00e1le nikdo nebere. Mne nikdo na nic nepot\u0159ebuje. Copak\u00a0nem\u00e1m \u017e\u00e1dn\u00fd smysl? Pro\u010d tady vlastn\u011b jsem? Pro\u010d m\u011b vyrobili, kdy\u017e mne nikdo na nic nepot\u0159ebuje?\u201c Rozplakal se. \u201eJsem k ni\u010demu.\u00a0M\u016fj \u017eivot je na nic. Nikdo mne nem\u00e1 r\u00e1d.\u201c \u201eMy t\u011b m\u00e1me r\u00e1di\u201c, ut\u011b\u0161ovali ho ostatn\u00ed.<br \/>\nAle ani oni nev\u011bd\u011bli,\u00a0jak\u00e9 m\u00e1 jejich kolega posl\u00e1n\u00ed.\u00a0I kdy\u017e v\u0161ichni byli aspo\u0148 jednou v akci,\u00a0nebyli tady zas tak dlouho. Cht\u011bli mu pomoci. V\u017edy, kdy\u017e\u00a0pro\u00a0n\u011b n\u011bkdo p\u0159i\u0161el, nastr\u010dili cedn\u00edk m\u00edsto sebe. Nepomohlo to, naopak bylo to je\u0161t\u011b\u00a0hor\u0161\u00ed. Poka\u017ed\u00e9\u00a0cedn\u00edk sly\u0161el nep\u0159\u00edjemn\u00fd hlas:<br \/>\n\u201eCo se mi tady plete\u0161!?\u201c A jindy:\u00a0\u201eU\u017e zase, tebe p\u0159ece nechci.\u201c Nejhor\u0161\u00ed bylo sly\u0161et: \u201eTo nen\u00ed mo\u017en\u00e9, zase. To t\u011b budu muset d\u00e1t jinam.\u201c\u00a0 To byl vrchol. Cedn\u00edk se st\u00e1hl do zadn\u00edho koutu a s nik\u00fdm ji\u017e nepromluvil. Ostatn\u00ed za\u010dali m\u00edt o n\u011bj strach.\u00a0Ka\u017ed\u00fd den vypadal h\u016f\u0159 a h\u016f\u0159.<\/p>\n<p style=\"text-align: justify;\">N\u011bkdo trochu pootev\u0159el jejich \u0161upl\u00edk.\u00a0 Pak v\u00edce. V\u0161ichni zpozorn\u011bli a \u010dekali, kdo z nich bude vybr\u00e1n. Chv\u00edli se nic ned\u011blo. Pak se \u0161upl\u00edk otev\u0159el je\u0161t\u011b v\u00edce. Najednou vyjel z kolejni\u010dky a vypadnul na zem a p\u0159evr\u00e1til se. V\u0161ichni se rozsypali po podlaze.<br \/>\n\u201eTo je\u0161t\u011b neza\u017eili. Takov\u00e9 zem\u011bt\u0159esen\u00ed. Jak to s nimi zach\u00e1zej\u00ed?\u201c<br \/>\nZa\u010dala je ohmat\u00e1vat jedna mal\u00e1 ru\u010di\u010dka. Jednoho po druh\u00e9m. Cedn\u00edk najednou na\u00a0\u00a0sob\u011b c\u00edt\u00ed\u00a0dotek. Mal\u00e9 ru\u010di\u010dky ho\u00a0objaly a sna\u017e\u00ed se ho zvednout. Nejde jim to. Spadl na zem. To byla r\u00e1na. C\u00edt\u00ed, jak se prst\u00edky sna\u017e\u00ed dostat do jeho d\u00edrek. Lecht\u00e1 to. Mus\u00ed se sm\u00e1t.<br \/>\n\u201ePo\u010dkej, mal\u00e1, to u\u017e \u0161kr\u00e1be\u201c, vol\u00e1, ale p\u0159itom se sm\u011bje. Te\u010f si do n\u011bj\u00a0dokonce\u00a0sedlo n\u011bco velk\u00e9ho a houpe se s n\u00edm.<br \/>\n\u201eNo to tla\u010d\u00ed, ale a\u0165\u201c, \u0159\u00edk\u00e1 si cedn\u00edk. \u201eHlavn\u011b, \u017ee mne n\u011bkdo pot\u0159ebuje.\u201c A op\u011bt zm\u011bna, ruce ho zvedaj\u00ed a obracej\u00ed. C\u00edt\u00ed, jak ho v jeho d\u00edrk\u00e1ch\u00a0\u0161imraj\u00ed jemn\u00e9 vl\u00e1sky. \u201eTe\u010f\u00a0jsem se stal p\u0159ilbou, Te\u010f jsem ochr\u00e1ncem.\u201c<br \/>\nSly\u0161\u00ed, jak se ostatn\u00ed sm\u011bj\u00ed. \u201eA\u0165 se sm\u011bj\u00ed. Je to m\u016fj den. Jen m\u016fj.\u201c Sm\u011bje se: \u201eKone\u010dn\u011b.\u201c Najednou sly\u0161\u00ed zn\u00e1m\u00fd hlas.<br \/>\n\u201eCos to tu ud\u011blala, moje mal\u00e1? Z tebe bude asi velk\u00e1 kucha\u0159ka. Ale ten cedn\u00edk\u00a0 je na n\u011bco jin\u00e9ho.\u201c Cedn\u00edk se\u00a0s ostatn\u00edmi op\u011bt ocit\u00e1 v \u0161upl\u00edku a je tma. I ve tm\u011b je v\u0161ak vid\u011bt, jak se cedn\u00edk usm\u00edv\u00e1. Kone\u010dn\u011b k n\u011b\u010demu byl. Je tu ale i n\u011bco jin\u00e9ho.\u00a0Zasnil se a potichu si opakuje:\u00a0\u201eJe k n\u011b\u010demu jin\u00e9mu. Je k n\u011b\u010demu jin\u00e9mu. Je k n\u011b\u010demu jin\u00e9mu! Tak p\u0159ece m\u00e1m smysl. V\u00ed o mn\u011b, Jednou to p\u0159ijde.\u201c D\u00e1l se zasn\u011bn\u011b d\u00edv\u00e1 do tmy.<br \/>\n\u201eTe\u010f se mi oplat\u00ed \u010dekat.\u201c<br \/>\nA \u010dekal. Je\u0161t\u011b dlouho. Ale pak to p\u0159i\u0161lo. \u0160upl\u00edk se otev\u0159el a\u00a0\u00a0n\u011bkdo ho uchopil. \u201eTe\u010f se to dov\u00ed. Te\u010f kone\u010dn\u011b pozn\u00e1, k \u010demu slou\u017e\u00ed.\u201c<\/p>\n<p>&nbsp;<\/p>\n","protected":false},"excerpt":{"rendered":"<p>Pohodln\u011b sed\u011bl ve sv\u00e9m \u0161upl\u00edku. Dlouho. Nikdo ho je\u0161t\u011b na nic nepou\u017eil. P\u0159edt\u00edm si st\u00e1le hov\u011bl n\u011bkde v reg\u00e1le mezi ostatn\u00edm kuchy\u0148sk\u00fdm n\u00e1\u010din\u00edm. Nejd\u0159\u00edve ve skladu a pozd\u011bji v\u00a0obchod\u011b. Tam se mu l\u00edbilo. Moc se mu tam l\u00edbilo. Cel\u00fd den na n\u011bho sv\u00edtilo sv\u011btlo a on mohl ukazovat sv\u00e9 d\u00edrky, kter\u00e9 vytv\u00e1\u0159ely\u00a0po jeho t\u011ble pravideln\u00fd &hellip; <a href=\"https:\/\/www.josefknoflicek.cz\/?page_id=2890\" class=\"more-link\">Pokra\u010dov\u00e1n\u00ed textu <span class=\"screen-reader-text\">Poh\u00e1dka o cedn\u00edku<\/span> <span class=\"meta-nav\">&rarr;<\/span><\/a><\/p>\n","protected":false},"author":2,"featured_media":0,"parent":5406,"menu_order":2,"comment_status":"closed","ping_status":"closed","template":"","meta":[],"_links":{"self":[{"href":"https:\/\/www.josefknoflicek.cz\/index.php?rest_route=\/wp\/v2\/pages\/2890"}],"collection":[{"href":"https:\/\/www.josefknoflicek.cz\/index.php?rest_route=\/wp\/v2\/pages"}],"about":[{"href":"https:\/\/www.josefknoflicek.cz\/index.php?rest_route=\/wp\/v2\/types\/page"}],"author":[{"embeddable":true,"href":"https:\/\/www.josefknoflicek.cz\/index.php?rest_route=\/wp\/v2\/users\/2"}],"replies":[{"embeddable":true,"href":"https:\/\/www.josefknoflicek.cz\/index.php?rest_route=%2Fwp%2Fv2%2Fcomments&post=2890"}],"version-history":[{"count":4,"href":"https:\/\/www.josefknoflicek.cz\/index.php?rest_route=\/wp\/v2\/pages\/2890\/revisions"}],"predecessor-version":[{"id":2937,"href":"https:\/\/www.josefknoflicek.cz\/index.php?rest_route=\/wp\/v2\/pages\/2890\/revisions\/2937"}],"up":[{"embeddable":true,"href":"https:\/\/www.josefknoflicek.cz\/index.php?rest_route=\/wp\/v2\/pages\/5406"}],"wp:attachment":[{"href":"https:\/\/www.josefknoflicek.cz\/index.php?rest_route=%2Fwp%2Fv2%2Fmedia&parent=2890"}],"curies":[{"name":"wp","href":"https:\/\/api.w.org\/{rel}","templated":true}]}}