{"id":3037,"date":"2017-02-12T08:32:51","date_gmt":"2017-02-12T07:32:51","guid":{"rendered":"http:\/\/www.josefknoflicek.cz\/?page_id=3037"},"modified":"2021-01-25T22:13:17","modified_gmt":"2021-01-25T21:13:17","slug":"viry-dary-uzdravovani-pusobeni-mocnych-cinu","status":"publish","type":"page","link":"https:\/\/www.josefknoflicek.cz\/?page_id=3037","title":{"rendered":"DAR V\u00cdRY, DARY UZDRAVOV\u00c1N\u00cd, P\u016eSOBEN\u00cd MOCN\u00ddCH \u010cIN\u016e"},"content":{"rendered":"<p><em>V\u00cdRY, DARY UZDRAVOV\u00c1N\u00cd, P\u016eSOBEN\u00cd MOCN\u00ddCH \u010cIN\u016e<\/em><\/p>\n<p><em>V\u00a0minul\u00e9 lekci jsme mluvili o tom, \u017ee v\u0161ichni pot\u0159ebujeme moudrost od Boha, pozn\u00e1n\u00ed a rozli\u0161ov\u00e1n\u00ed duch\u016f. Stejn\u011b tak v\u0161ichni pot\u0159ebujeme v\u00edru, m\u016f\u017eeme a mus\u00edme se modlit za uzdraven\u00ed jin\u00fdch a tak\u00e9 m\u016f\u017ee ka\u017ed\u00e9ho z\u00a0n\u00e1s Duch svat\u00fd pou\u017e\u00edt k\u00a0p\u016fsoben\u00ed mocn\u00fdch \u010din\u016f.<\/em><\/p>\n<p><em>N\u011bkter\u00e9 z\u00a0n\u00e1s v\u0161ak obdarov\u00e1v\u00e1 v\u00a0t\u011bchto oblastech v\u00edce a tito v\u011b\u0159\u00edc\u00ed pak t\u011bmito dary slou\u017e\u00ed v\u00a0c\u00edrkvi, ale i mimo ni. Tito sourozenci slou\u017e\u00ed (by m\u011bli) t\u011bmito dary v\u00a0c\u00edrkvi pravideln\u011b. <u>P\u0159esto si Duch svat\u00fd \u201ejednor\u00e1zov\u011b\u201c pou\u017e\u00edv\u00e1, koho chce a jak chce.<\/u> Podle toho do jak\u00e9 slu\u017eby t\u011b B\u016fh povol\u00e1v\u00e1, t\u011b vyzbrojuje jeho n\u00e1stroji \u2013 duchovn\u00edmi dary. Duchovn\u00ed dary, nebo sp\u00ed\u0161e jejich p\u016fsoben\u00ed skrze tebe se m\u016f\u017ee m\u011bnit pr\u00e1v\u011b podle toho, jak a kde slou\u017e\u00ed\u0161. Neznamen\u00e1 to, \u017ee dar, kter\u00fd jsi obdr\u017eel p\u0159ed n\u011bkolika lety, ti B\u016fh vezme, kdy\u017e bude\u0161 m\u00edt jinou slu\u017ebu a d\u00e1 ti m\u00edsto toho jin\u00fd. Ne <u>B\u016fh sv\u00e9 dary nebere zp\u011bt<\/u>. Jen ten nov\u00fd bude\u0161 muset v\u00edce pou\u017e\u00edvat a ten, kter\u00fd jsi ji\u017e m\u011bl, ustoup\u00ed do pozad\u00ed, nebo se zm\u011bn\u00ed zp\u016fsob jeho pou\u017e\u00edv\u00e1n\u00ed. To, \u017ee r\u016fzn\u00ed lid\u00e9 maj\u00ed r\u016fzn\u00e9 dary, n\u00e1s vede k\u00a0tomu, abychom slou\u017eili spole\u010dn\u011b jako jedno t\u011blo. Pokud jsme st\u00e1le v\u00a0duchovn\u00ed pubert\u011b \u2013 nevyzr\u00e1l\u00ed, sna\u017e\u00edme se slou\u017eit sami, bez pomoci jin\u00fdch. P\u0159\u00edklad vz\u00e1jemn\u00e9 pot\u0159ebnosti: Dar proroctv\u00ed: je vy\u0159\u010den\u00e9 proroctv\u00ed.<\/em><\/p>\n<p><em>Dar pozn\u00e1n\u00ed: m\u00e1 potvrzen\u00ed zda je z\u00a0Boha, nebo ne.<\/em><\/p>\n<p><em>Dar moudrosti: v\u00ed, jak proroctv\u00ed pou\u017e\u00edt v\u00a0\u017eivot\u011b c\u00edrkve.<\/em><\/p>\n<p><em>V\u00a0t\u00e9to \u010d\u00e1sti se budeme zab\u00fdvat druhou skupinou. Pro tuto skupinu je spole\u010dn\u00fdm jmenovatelem\u00a0moc\u00a0<u>\u00a0Bo\u017e\u00ed moci<\/u>. A tak\u00e9 tyto dary se vz\u00e1jemn\u011b prol\u00ednaj\u00ed tak, \u017ee n\u011bkdy nen\u00ed mo\u017en\u00e9 dost dob\u0159e je rozli\u0161it p\u0159i tom, kdy\u017e jsou v \u201eakci\u201c (podobn\u011b tomu je i u ostatn\u00edch dvou skupin). <\/em><\/p>\n<p><em>V\u00cdRA &#8211; je to nadp\u0159irozen\u00e1 v\u00edra Bo\u017e\u00ed. V\u00edra, kterou B\u016fh vkl\u00e1d\u00e1 do \u010dlov\u011bka pro <u>modlitbu v\u00edry<\/u> (Jakub 5:15) Je to modlitba, kterou m\u00e1 obrovskou moc, proto\u017ee nevych\u00e1z\u00ed z\u00a0na\u0161ich pot\u0159eb, z\u00a0na\u0161ich pocit\u016f a tu\u017eeb, ale z\u00a0Boha samotn\u00e9ho. Nemus\u00ed se jednat jen o uzdraven\u00ed, ale modlitbu do r\u016fzn\u00fdch situac\u00ed a stav\u016f.<\/em><\/p>\n<p><em>Nemus\u00ed j\u00edt jen o modlitbu, ale tato v\u00edra v\u00a0n\u00e1s p\u016fsob\u00ed, \u017ee m\u016f\u017eeme mluvit o v\u011bcech, \u017ee se stanou, neochv\u011bjn\u011b jednat pod touto v\u00edrou. Nen\u00ed to v\u00edra, kterou pou\u017e\u00edv\u00e1me denn\u011b, i kdy\u017e bychom si to p\u0159\u00e1li. S\u00e1m jsem n\u011bkolikr\u00e1t za\u017eil p\u016fsoben\u00ed takov\u00e9 v\u00edry. St\u00e1l jsem proti okolnostem, kter\u00e9 \u0159\u00edkali konec. Proti n\u00e1zoru sourozenc\u016f v\u00a0c\u00edrkvi, kte\u0159\u00ed mi \u0159\u00edkali to je <\/em><em>konec. V\u00edra v\u0161ak \u0159\u00edkala opak. Byla do mne vlo\u017eena Bohem. Postavil jsem na n\u00ed ve\u0159ejn\u011b sv\u00e1 prohl\u00e1\u0161en\u00ed a jedn\u00e1n\u00ed. Vid\u011bl jsem velk\u00e9 Bo\u017e\u00ed v\u00edt\u011bzstv\u00ed. Nejde jen o uzdraven\u00ed, nebo mocn\u00e9 skutky (i kdy\u017e tam se nejv\u00edce projevuje), ale pot\u0159ebujeme ji p\u0159i n\u011bkter\u00fdch projevech proroctv\u00ed). Tato v\u00edra p\u0159in\u00e1\u0161\u00ed naprostou jistotu napln\u011bn\u00ed toho, co zaslibuje. Nep\u0159ipou\u0161t\u00ed \u017e\u00e1dnou pochybnost \u2013 m\u00e1m pro to osobn\u00ed pojmenov\u00e1n\u00ed \u201ep\u0159es to nejede vlak\u201c.<\/em><\/p>\n<p><em>St\u00e1v\u00e1 se a celkem \u010dasto p\u0159i modlitb\u00e1ch za uzdraven\u00ed, \u017ee \u010dlov\u011bk, za kter\u00e9ho se modl\u00ed, nen\u00ed uzdraven\u00fd. Mnohokr\u00e1t jsem pak od modlitebn\u00edk\u016f sly\u0161el, jak tomu \u010dlov\u011bku \u0159\u00edkaj\u00ed: \u201eM\u00e1\u0161 malou v\u00edru. Mus\u00ed\u0161 v\u00edc v\u011b\u0159it\u201c. Ale ne\u0159eknou mu, jak to m\u00e1 doty\u010dn\u00fd \u010dlov\u011bk, ud\u011blat. V\u0161imn\u011bme si, \u017ee v\u00edra nen\u00ed ovocem Ducha svat\u00e9ho. Je to dar milosti! Ka\u017ed\u00fd m\u00e1me jinou m\u00edru v\u00edry od Boha. T\u00edm, \u017ee obvi\u0148ujeme \u010dlov\u011bka z\u00a0nedostatku v\u00edry, ho dost\u00e1v\u00e1me pod tlak, kter\u00fd ho pak donut\u00ed tla\u010dit v\u00edru vlastn\u00ed silou. V\u011b\u0159it emo\u010dn\u011b. My v\u0161ichni pot\u0159ebujeme v\u00edru, kter\u00e1 nen\u00ed z\u00a0n\u00e1s, kter\u00e1 nen\u00ed produktem na\u0161\u00ed mysli a emoc\u00ed. Nepot\u0159ebujeme v\u00edru nad\u0161en\u00ed, ale v\u00edru, kter\u00e1 je do n\u00e1s vlo\u017eena samotn\u00fdm Bohem.<\/em><\/p>\n<p><strong><em>\u201e\u2026.ale sm\u00fd\u0161lejte tak, abyste jednali rozumn\u011b, podle toho, jakou m\u00edru v\u00edry ud\u011blil ka\u017ed\u00e9mu B\u016fh.\u201c \u0158\u00edman\u016fm 12:3<\/em><\/strong><\/p>\n<p><em>Nenu\u0165me ostatn\u00ed, aby v\u011b\u0159ili stejn\u011b jako my. M\u016f\u017eeme m\u00edt u\u010dedn\u00edky a dary milosti tak mohou \u201ep\u0159esko\u010dit\u201c \u2013 mohou z\u00a0Ducha z\u00edskat stejn\u011b jako my, nebo je\u0161t\u011b ve v\u011bt\u0161\u00ed m\u00ed\u0159e ne\u017e my, <u>ale nem\u016f\u017ee nikoho nutit, aby m\u011bl v\u011bt\u0161\u00ed v\u00edru, ne\u017e m\u00e1 a u\u017e v\u016fbec mu nem\u016f\u017eeme <\/u><\/em><em><u>vy\u010d\u00edtat, \u017ee ji m\u00e1 men\u0161\u00ed ne\u017e ostatn\u00ed.<\/u><\/em><\/p>\n<p><em>\u00a0<\/em><em>DARY UZDRAVOV\u00c1N\u00cd<\/em><\/p>\n<p><em>Vypad\u00e1 to, \u017ee pr\u00e1v\u011b k\u00a0t\u011bmto dar\u016fm pot\u0159ebujeme tak\u00e9 dar v\u00edry. Nen\u00ed tak \u00fapln\u011b pravda, jak za chv\u00edli zjist\u00edme.<\/em><\/p>\n<p><em>R\u00e1d bych, abychom si v\u0161imli slova dary. Je zde mno\u017en\u00e9 \u010d\u00edslo. Tedy u uzdravov\u00e1n\u00ed je mo\u017en\u00e9 m\u00edt v\u00edce dar\u016f. Pro\u010d?<\/em><\/p>\n<p><strong><em>\u2026., ti v\u0161ichni p\u0159i\u0161li, aby ho usly\u0161eli a aby byli<u> uzdraveni ze sv\u00fdch nemoc\u00ed. I ti, kte\u0159\u00ed byli tr\u00e1peni od ne\u010dist\u00fdch duch\u016f, byli uzdravov\u00e1ni.<\/u> Luk\u00e1\u0161 9:18<\/em><\/strong><\/p>\n<p><strong><em>Svolal si Dvan\u00e1ct apo\u0161tol\u016f a <u>dal jim s\u00edlu a pravomoc nad v\u0161emi d\u00e9mony i k l\u00e9\u010den\u00ed nemoc\u00ed. <\/u>(Luk\u00e1\u0161 9:1)\u2026. Vydali se na cestu a proch\u00e1zeli jednotliv\u00e9 vesnice, hl\u00e1sali evangelium a v\u0161ude <u>uzdravovali<\/u>. (6)<\/em><\/strong><\/p>\n<p><em>V\u00a0P\u00edsmu je pod uzdraven\u00edm my\u0161leno uzdraven\u00ed cel\u00e9ho \u010dlov\u011bka. Tedy nejen t\u011bla, ale i du\u0161e a ducha. Mezi dary sice nach\u00e1z\u00edme rozpozn\u00e1n\u00ed duch\u016f, ale nen\u00ed tam ji\u017e vym\u00edt\u00e1n\u00ed (svazov\u00e1n\u00ed, vyh\u00e1n\u011bn\u00ed apod.) duch\u016f. Pro\u010d? Proto\u017ee to tak\u00e9 pat\u0159\u00ed k\u00a0uzdraven\u00ed \u010dlov\u011bka. Jeho du\u0161e a ducha. \u010casto toto pr\u00e1v\u011b pak m\u00e1 vliv na nemoc, kterou \u010dlov\u011bk trp\u00ed (nap\u0159\u00edklad strach dok\u00e1\u017ee b\u00fdt p\u0159\u00ed\u010dinou mnoho nemoc\u00ed-\u017ealude\u010dn\u00ed pot\u00ed\u017ee, bu\u0161en\u00ed srdce, ale i ko\u017en\u00edch onemocn\u011bn\u00ed a dal\u0161\u00edch mnohem hor\u0161\u00edch nemoc\u00ed)<\/em><\/p>\n<p><em> M\u016f\u017eeme tedy dary uzdraven\u00ed rozli\u0161it na:<\/em><\/p>\n<ul>\n<li><i><\/i><i><em>uzdravov\u00e1n\u00ed t\u011bla skute\u010dn\u00fdch nemoc\u00ed. (virov\u00e1 a infek\u010dn\u00ed onemocn\u011bn\u00ed, hore\u010dka, nemoci vnit\u0159n\u00edch org\u00e1n\u016f, bolest zub\u016f apod.) Sl\u00fdch\u00e1v\u00e1m, \u017ee v\u0161echny zdravotn\u00ed pot\u00ed\u017ee jsou od zl\u00e9ho. Za v\u0161\u00edm je n\u011bjak\u00e1 duchovn\u00ed moc a mocnost. My lid\u00e9 m\u00e1me probl\u00e9m, \u017ee p\u0159ij\u00edm\u00e1me v\u011bt\u0161inov\u00fd n\u00e1zor (nebo moment\u00e1ln\u011b \u201elet\u00edc\u00ed\u201c n\u00e1zor, ani\u017e bychom nad n\u00edm p\u0159em\u00fd\u0161leli). Nesouhlas\u00edm s\u00a0t\u00edm, \u017ee v\u0161echny, proto\u017ee je mnoho v\u011bc\u00ed, kter\u00e9 jsou zavin\u011bny, nebo jsou n\u00e1sledky \u00faraz\u016f p\u0159i sportu, neohrabanosti, hav\u00e1ri\u00edch apod.) Jsou nemoci, kter\u00e9 vznikly na\u0161\u00ed hloupost\u00ed \u2013 p\u0159ece\u0148ov\u00e1n\u00edm sv\u00fdch sil, p\u0159epracovanost\u00ed, stresem, kter\u00fd jsme si zavinili t\u00edm, \u017ee se chceme zal\u00edbit lidem, apod.) I slep\u00fd od narozen\u00ed byl p\u0159ipraven pro zjeven\u00ed sl\u00e1vy Bo\u017e\u00ed.<\/em><\/i><\/li>\n<li><i><em>Kdy\u017e Je\u017e\u00ed\u0161 uzdravil Petrovu tchyni od hore\u010dky, nevyh\u00e1n\u011bl \u017e\u00e1dn\u00e9 d\u00e9mony. Kdy\u017e se bude\u0161 modlit za zlomenou ruku, taky nebude\u0161 svazovat mocnosti apod.<\/em><\/i><\/li>\n<\/ul>\n<ul>\n<li><em>Vysvobozen\u00edm \u010dlov\u011bka od duchovn\u00edch mocnost\u00ed sv\u00e1zanost\u00ed a z\u00e1vislost\u00ed. Jak jsem ji\u017e napsal, mnoho nemoc\u00ed je zap\u0159\u00ed\u010din\u011bno t\u00edm, \u017ee \u010dlov\u011bk je sv\u00e1z\u00e1n, nebo obsazen n\u011bjakou duchovn\u00ed mocnost\u00ed. Jedn\u00e1 se v\u011bt\u0161inou o psychick\u00e1 a psychiatrick\u00e1 onemocn\u011bn\u00ed. I ty maj\u00ed \u010dasto vliv na fyzick\u00e9 zdrav\u00ed \u010dlov\u011bka.<\/em><em>Pro\u010d je d\u016fle\u017eit\u00e9 si uv\u011bdomit toto rozd\u011blen\u00ed. V\u00a0prvn\u00edm p\u0159\u00edpad\u011b se m\u016f\u017eeme modlit v\u0161ichni, v\u00a0druh\u00e9m pot\u0159ebujeme autoritu od Boha. (dal jim moc a s\u00edlu nad v\u0161emi d\u00e9mony) Op\u011bt tady doch\u00e1z\u00ed ke spolupr\u00e1ci n\u011bkolika dar\u016f. Rozpozn\u00e1n\u00ed duch\u016f a jednoho z\u00a0dar\u016f uzdraven\u00ed.<br \/>\n<\/em><em><br \/>\nR\u00e1d bych se vr\u00e1til k\u00a0v\u00ed\u0159e. Dar uzdravov\u00e1n\u00ed (fyzick\u00fdch nemoc\u00ed) nen\u00ed a\u017e tak podm\u00edn\u011bn na\u0161\u00ed v\u00edrou. Jde sp\u00ed\u0161e o poslu\u0161nost se za\u010d\u00edt modlit, vkl\u00e1dat ruce apod. Ostatn\u00ed d\u011bl\u00e1 B\u016fh, ne my. Mnohokr\u00e1t jsem se modlit za uzdraven\u00ed, na kter\u00e9 jsem nem\u011bl v\u00edru. Nap\u0159\u00edklad p\u0159i\u0161li za mnou lid\u00e9 i d\u011bti s\u00a0bolestmi zub\u016f a z\u00e1n\u011bty v\u00a0d\u00e1sn\u00edch. S\u00e1m m\u00e1 takov\u00e9 zku\u0161enosti, \u017ee dnes nem\u00e1m ani jeden sv\u016fj zub, proto jsem bral jejich prosby za <\/em><em>uzdraven\u00ed jejich zub\u016f, za Bo\u017e\u00ed \u017eert se mnou. Bylo tomu naopak. V\u0161ichni byli uzdraveni a okam\u017eit\u011b. I bez m\u00e9 v\u00edry. D\u016fle\u017eit\u00e9 byla poslu\u0161nost. D\u016fv\u011bra v\u00a0dar pak roste t\u00edm, jak slu\u017eebn\u00edk vid\u00ed, jak B\u016fh jedn\u00e1. To co vid\u00ed (konkr\u00e9tn\u00ed druh uzdraven\u00ed), mu dod\u00e1v\u00e1 uji\u0161t\u011bn\u00ed, \u017ee B\u016fh mu dal pravomoc \u2013 \u017ee se B\u016fh rozhodl d\u011blat tyto skutky skrze n\u011bho. Tehdy jeho v\u00edra poroste. Je\u017e\u00ed\u0161ovi u\u010dedn\u00edci vid\u011bli, co Je\u017e\u00ed\u0161 d\u011blal. Pak teprve jim dal pravomoc a oni \u0161li a uzdravovali. I ty prvn\u011b pot\u0159ebuje\u0161 vid\u011bt, co Je\u017e\u00ed\u0161 d\u011bl\u00e1 skrze tebe, aby sis vzal pravomoc, kterou ti B\u016fh dal. (doba u\u010dednictv\u00ed) <\/em><\/li>\n<\/ul>\n<p>&nbsp;<\/p>\n<p><em>Skute\u010dn\u011b je to v\u00edce o poslu\u0161nosti. N\u011bkte\u0159\u00ed \u0159\u00edkaj\u00ed: \u201eBudu se modlit, m\u00e1m v\u00edru\u201c a nic. Je to o Bohu. P\u0159i daru uzdravov\u00e1n\u00ed pot\u0159ebujeme vn\u00edmat, co B\u016fh chce d\u011blat. \u00a0<\/em><\/p>\n<p><em>Jak pozn\u00e1m dar uzdravov\u00e1n\u00ed v\u00a0tom prvn\u00edm p\u0159\u00edpad\u011b?<\/em><\/p>\n<p><em>Prvn\u00edm znakem je obrovsk\u00fd soucit s\u00a0nemocn\u00fdm \u010dlov\u011bkem. Puzen\u00ed k\u00a0tomu se modlit za jeho uzdraven\u00ed. Lid\u00e9 jsou uzdraveni, kdy\u017e se za n\u011b modl\u00edm.<\/em><\/p>\n<p><em>Je rozd\u00edl m\u00edt uzdravuj\u00edc\u00ed shrom\u00e1\u017ed\u011bn\u00ed a modlit se v\u00a0\u00fazk\u00e9m kruhu nebo jeden na jednoho. Projev tohoto daru je v\u011bt\u0161inou r\u016fzn\u00fd ve shrom\u00e1\u017ed\u011bn\u00ed a v\u00a0soukrom\u00ed.<\/em><\/p>\n<p><em>Na shrom\u00e1\u017ed\u011bn\u00ed m\u016f\u017ee Duch svat\u00fd hovo\u0159it:<\/em><\/p>\n<ul>\n<li><i><em>kdo a jak je nemocn\u00fd,<\/em><\/i><\/li>\n<li><em>jak\u00e9 nemoci chce B\u016fh v\u00a0tom \u010dase uzdravit,<\/em><\/li>\n<li><em>m\u016f\u017ee se st\u00e1t, \u017ee uc\u00edt\u00ed\u0161 u sebe bolest v\u00a0m\u00edstech, kter\u00e9 chce B\u016fh ve shrom\u00e1\u017ed\u011bn\u00ed uzdravovat, nebo u n\u011bkter\u00e9ho jednotlivce,<\/em><\/li>\n<li><em>m\u016f\u017ee\u0161 vid\u011bt vnit\u0159n\u00edm zrakem obraz nemoci,<\/em><\/li>\n<li><em>dal\u0161\u00edmi r\u016fzn\u00fdmi zp\u016fsoby jak ti Duch svat\u00fd d\u00e1,<\/em><\/li>\n<\/ul>\n<p>&nbsp;<\/p>\n<p><em>v\u017edy je to v\u0161ak o tom, \u017ee d\u00e1\u0161 anonymn\u00ed v\u00fdzvu ohledn\u011b t\u00e9, \u010di on\u00e9 nemoci, nebo bolesti a \u010dek\u00e1\u0161, a\u017e se \u010dlov\u011bk p\u0159ihl\u00e1s\u00ed a p\u0159ijde. I kdy\u017e v\u00ed\u0161, o koho se jedn\u00e1, nevol\u00e1\u0161 ho jm\u00e9nem, nejde\u0161 k\u00a0n\u011bmu, je to na Duchu svat\u00e9m, aby ho oslovil a on p\u0159i\u0161el, nebo se ozval. <\/em><em>Samoz\u0159ejm\u011b, \u017ee pokud Duch svat\u00fd t\u011b povede tak, abys za n\u00edm \u0161el, pak mus\u00ed\u0161 j\u00edt, ale jen ve velmi m\u00e1lo p\u0159\u00edpadech se jednalo o vyjmenov\u00e1n\u00ed konkr\u00e9tn\u00ed osoby podle jm\u00e9na, aby p\u0159i\u0161la dop\u0159edu. Ve v\u0161ech p\u0159\u00edpadech, kter\u00e9 zn\u00e1m, to d\u011blali slu\u017eebn\u00edci, kte\u0159\u00ed toho \u010dlov\u011bka neznali. B\u016fh jim toto jm\u00e9no dal poznat p\u0159edt\u00edm, ne\u017e na shrom\u00e1\u017ed\u011bn\u00ed p\u0159i\u0161li. Je to proto, aby bylo zjevn\u00e9, \u017ee jde o Bo\u017e\u00ed d\u00edlo.\u00a0\u00a0 <\/em><\/p>\n<p><em>N\u011bco jin\u00e9ho je mimo shrom\u00e1\u017ed\u011bn\u00ed, v\u00a0b\u011b\u017en\u00e9m \u017eivot\u011b sboru. \u010casto t\u011b povede Duch svat\u00fd do domu, ke konkr\u00e9tn\u00edmu \u010dlov\u011bku a ty se bude\u0161 modlit za konkr\u00e9tn\u00ed uzdraven\u00ed.<\/em><\/p>\n<p><em><br \/>\n<\/em><em>Vkl\u00e1d\u00e1n\u00ed rukou na nemocn\u00e9 \u2013 pokud se mu\u017e modl\u00ed za \u017eenu, a\u0165 vkl\u00e1d\u00e1 ruku pouze na jej\u00ed hlavu maxim\u00e1ln\u011b na ramena. Pokud vn\u00edm\u00e1, \u017ee m\u00e1 polo\u017eit ruku na nemocn\u00e9 m\u00edsto, a\u0165 povol\u00e1 jinou sestru, kter\u00e1 tam polo\u017e\u00ed ruku a on pak teprve polo\u017e\u00ed ruku na ruku sestry. Pokud se modl\u00ed sestra za bratra je to stejn\u00fd postup. Pokud je pot\u0159eba se modlit za intimn\u00ed v\u011bci, je dobr\u00e9, aby se modlily sestry za sestry a brat\u0159i za bratry.<\/em><\/p>\n<p><em>\u00a0<\/em><em>Jak se modl\u00edme za uzdraven\u00ed:<\/em><\/p>\n<ul>\n<li><i><em>m\u016f\u017eeme se modlit v\u00a0jazyc\u00edch, (pokud n\u00e1m Duch nezjev\u00ed jak se modlit),<\/em><\/i><\/li>\n<li><em>m\u016f\u017eeme \u017eehnat t\u011blu i org\u00e1n\u016fm, kter\u00e9 jsou nemocn\u00e9, vz\u00fdvat uzdraven\u00ed ve Jm\u00e9nu Je\u017e\u00ed\u0161,<\/em><\/li>\n<li><em>m\u016f\u017eeme zlo\u0159e\u010dit nemoci a poru\u010dit ji, aby ode\u0161la,<\/em><\/li>\n<li><em>m\u016f\u017eeme n\u011bkdy cht\u00edt po nemocn\u00e9m, aby ud\u011blal n\u011bjak\u00fd \u00fakon v\u00edry (d\u0159ep p\u0159i bolestech p\u00e1te\u0159e, ch\u016fzi p\u0159i nemoci nohou apod.) Pozor tady si mus\u00edme b\u00fdt jisti, \u017ee to m\u00e1 ud\u011blat, aby se nemoc je\u0161t\u011b nezhor\u0161ila,<\/em><\/li>\n<li><em>jen \u017eehnat,<\/em><\/li>\n<li><em>vkl\u00e1dat ruce na nemocn\u00e9 (ale nemus\u00edme),<\/em><\/li>\n<li><em>jin\u00fdm zp\u016fsobem, kter\u00fdm n\u00e1s vede Duch svat\u00fd, nikdy to v\u0161ak nen\u00ed n\u011bco proti \u010dlov\u011bku a P\u00edsmu. Tak\u00e9 nemus\u00edme sp\u011bchat, po\u010dkejme na veden\u00ed Ducha svat\u00e9ho. Pokud nev\u00edme, jak se modlit, tak jen \u017eehnejme uzdraven\u00edm ve Jm\u00e9nu Je\u017e\u00ed\u0161.<\/em><\/li>\n<\/ul>\n<p>&nbsp;<\/p>\n<p><em>V\u0161e by to m\u011blo b\u00fdt pod veden\u00edm Ducha svat\u00e9ho. V\u00a0\u017e\u00e1dn\u00e9m p\u0159\u00edpad\u011b se nemodl\u00edme n\u011bjak\u00fdm zp\u016fsobem proto, \u017ee se tak modlil n\u011bjak\u00fd zn\u00e1m\u00fd slu\u017eebn\u00edk. Ani apo\u0161tolov\u00e9 neplivali na zem, aby si jako Je\u017e\u00ed\u0161 ud\u011blali bahno, kter\u00fdm pot\u0159el o\u010di slep\u00e9ho.<\/em><\/p>\n<p><em>V\u00a0tom druh\u00e9m p\u0159\u00edpad\u011b je nutn\u00e9, aby slou\u017eili lid\u00e9, kte\u0159\u00ed skute\u010dn\u011b z\u00edskali autoritu od Boha a nikdy by nem\u011bli slou\u017eit sami, ale v\u017edy s\u00a0n\u011bjak\u00fdm jin\u00fdm bratrem, nebo sestrou. Je lep\u0161\u00ed ve skupin\u011b. Na rozd\u00edl od nemoc\u00ed, kdy n\u00e1s B\u016fh po\u0161le za nemocn\u00fdmi v\u00a0p\u0159\u00edpadech svazov\u00e1n\u00ed a vym\u00edt\u00e1n\u00ed mus\u00edme nejd\u0159\u00edve v\u011bci projednat s\u00a0vedouc\u00edm sboru a star\u0161\u00edmi. Zde pot\u0159ebujeme nejen moc, ale i rozpozn\u00e1n\u00ed duch\u016f a moudrost jak jednat.<\/em><\/p>\n<p><em>P\u0159\u00edmo nezodpov\u011bdn\u00e9 jsou chv\u00e1stav\u00e1 slova typu: \u201e Tak ho z\u00a0n\u011bho hned vy\u017eenu\u201c, nebo \u201evy\u017eenem\u201c apod. Je to Bo\u017e\u00ed moc, kter\u00e1 to d\u011bl\u00e1. <\/em><\/p>\n<p><em>\u00a0<\/em><em>Pamatujme na slova P\u00edsma v\u00a0list\u011b Judov\u011b: \u201e\u00a0V\u017edy\u0165 ani archand\u011bl Michael, kdy\u017e se s \u010e\u00e1blem p\u0159el o Moj\u017e\u00ed\u0161ovo t\u011blo, si nedovolil vyn\u00e9st potupn\u00fd soud, n\u00fdbr\u017e \u0159ekl: \u201aK\u00e9\u017e t\u011b napomene P\u00e1n.\u2018 Tito se v\u0161ak rouhaj\u00ed v\u011bcem, kter\u00e9 neznaj\u00ed, a v t\u011bch, kter\u00e9 jako nerozumn\u00e1 zv\u00ed\u0159ata p\u0159irozen\u011b znaj\u00ed, propadaj\u00ed zhoub\u011b.\u201c<\/em><\/p>\n<p><em>Toto vyu\u010dov\u00e1n\u00ed nen\u00ed o nemoci a zdrav\u00ed, to je samostatn\u00e1 a jin\u00e1 kapitola k\u0159es\u0165anstv\u00ed.<\/em><\/p>\n<p><em>\u00a0<\/em><em><u>Ka\u017ed\u00fd duchovn\u00ed dar roste a \u010dist\u00ed se do ryzosti poslu\u0161nost\u00ed.<\/u><\/em><\/p>\n<p><em>\u00a0<\/em><\/p>\n<p><em>\u00a0<\/em><em>P\u016eSOBEN\u00cd MOCN\u00ddCH \u010cIN\u016e<\/em><\/p>\n<p><em>Tento dar je \u010dasto spojen s\u00a0dary uzdravov\u00e1n\u00ed a tak\u00e9 s\u00a0darem proroctv\u00ed, p\u0159edev\u0161\u00edm u n\u011bkter\u00fdch staroz\u00e1konn\u00edch prorok\u016f.<\/em><\/p>\n<p><em> Nejv\u00edce p\u0159\u00edklad\u016f p\u016fsoben\u00ed mocn\u00fdch \u010din\u016f vid\u00edme ve Star\u00e9m z\u00e1kon\u011b. I tam Duch svat\u00fd rozd\u00e1val sv\u00e9 dary Bo\u017e\u00edm slu\u017eebn\u00edk\u016fm.<\/em><\/p>\n<p><em>V\u00a0Nov\u00e9 smlouv\u011b pak vid\u00edme Je\u017e\u00ed\u0161e, jak k\u0159\u00eds\u00ed mrtv\u00e9, uti\u0161uje bou\u0159i, chod\u00ed po vod\u011b, po jeho slov\u011b usych\u00e1 f\u00edkovn\u00edk, rozmno\u017euje j\u00eddlo. Je\u017e\u00ed\u0161 n\u00e1m \u0159\u00edk\u00e1, \u017ee :<\/em> <em>\u201e<strong> Kdo v\u011b\u0159\u00ed ve mne, i on bude \u010dinit skutky, kter\u00e9 \u010din\u00edm j\u00e1, a bude \u010dinit je\u0161t\u011b v\u011bt\u0161\u00ed skutky ne\u017e tyto, nebo\u0165 j\u00e1 jdu k Otci.\u201c Jan 14:12<\/strong><\/em><\/p>\n<p><em>Mus\u00edme si uv\u011bdomit, \u017ee nem\u016f\u017eeme \u010dinit v\u011bci v\u011bt\u0161\u00ed, ne\u017e d\u011blal Je\u017e\u00ed\u0161. U\u010dedn\u00edk nen\u00ed nad sv\u00e9ho mistra. Tedy budeme d\u011blat ty, kter\u00e9 d\u011blal on, ale my m\u00e1me v\u00edce \u010dasu, ne\u017e on m\u011bl tady na zemi a je n\u00e1s v\u00edce. T\u00edm budeme d\u011blat mnohem v\u00edce jeho skutk\u016f, ne\u017e ud\u011blal on s\u00e1m na zemi. To je to <u>v\u011bt\u0161\u00ed skutky.<\/u><\/em><\/p>\n<p><em> Na rozd\u00edl od dar\u016f uzdravov\u00e1n\u00ed mus\u00edme m\u00edt v\u00edru od Boha k\u00a0uskute\u010dn\u011bn\u00ed t\u011bchto skutk\u016f.<\/em><\/p>\n<p><strong><em>Je\u017e\u00ed\u0161 jim na to \u0159ekl: \u201e<u>M\u011bjte v\u00edru Bo\u017e\u00ed<\/u>.\u00a0Amen, prav\u00edm v\u00e1m, \u017ee kdo by \u0159ekl t\u00e9to ho\u0159e: \u201aZvedni se a vrhni se do mo\u0159e\u2018 a <u>nezapochyboval by ve sv\u00e9m srdci, ale v\u011b\u0159il by, \u017ee co \u0159\u00edk\u00e1, se d\u011bje, bude to m\u00edt.<\/u><\/em><\/strong><\/p>\n<p><em> Ve spojen\u00ed s\u00a0darem proroctv\u00ed jde o v\u00edru v\u00a0moc Bo\u017e\u00edho slova, kter\u00e9 ten kdo prorokuje, mluv\u00ed.<\/em><\/p>\n<p><em>Tento dar velmi v\u00a0c\u00edrkvi chyb\u00ed. V\u011bt\u0161inou se projevuje ve chv\u00edl\u00edch, kdy se p\u0159ed n\u00e1mi objevuj\u00ed hradby, kter\u00e9 n\u00e1m br\u00e1n\u00ed j\u00edt d\u00e1l. A\u0165 jsou to postoje lid\u00ed kolem n\u00e1s, \u00fa\u0159ad\u016f, po\u010das\u00ed p\u0159i akc\u00edch, finan\u010dn\u00ed situace, ale tak\u00e9 smrt, chyb\u011bj\u00edc\u00ed org\u00e1ny v\u00a0t\u011ble, dor\u016fst\u00e1n\u00ed kon\u010detin, kter\u00e9 nikdy nevyrostly, o\u010d\u00ed, kter\u00e9 se nikdy nevyvinuly apod. Velk\u00e9 stvo\u0159itelsk\u00e9 Bo\u017e\u00ed \u010diny. Skrze tento dar se d\u011bj\u00ed velk\u00e9 zvraty v\u00a0\u017eivot\u011b c\u00edrkve i osobn\u00edch \u017eivotech lid\u00ed. Skrze n\u011bj je oslavena a zjevena velk\u00e1 Bo\u017e\u00ed moc c\u00edrkvi a tak\u00e9 skrze slu\u017ebu c\u00edrkve sv\u011btu.<\/em><\/p>\n<p><em>\u00a0<\/em><\/p>\n","protected":false},"excerpt":{"rendered":"<p>V\u00cdRY, DARY UZDRAVOV\u00c1N\u00cd, P\u016eSOBEN\u00cd MOCN\u00ddCH \u010cIN\u016e V\u00a0minul\u00e9 lekci jsme mluvili o tom, \u017ee v\u0161ichni pot\u0159ebujeme moudrost od Boha, pozn\u00e1n\u00ed a rozli\u0161ov\u00e1n\u00ed duch\u016f. Stejn\u011b tak v\u0161ichni pot\u0159ebujeme v\u00edru, m\u016f\u017eeme a mus\u00edme se modlit za uzdraven\u00ed jin\u00fdch a tak\u00e9 m\u016f\u017ee ka\u017ed\u00e9ho z\u00a0n\u00e1s Duch svat\u00fd pou\u017e\u00edt k\u00a0p\u016fsoben\u00ed mocn\u00fdch \u010din\u016f. N\u011bkter\u00e9 z\u00a0n\u00e1s v\u0161ak obdarov\u00e1v\u00e1 v\u00a0t\u011bchto oblastech v\u00edce a tito &hellip; <a href=\"https:\/\/www.josefknoflicek.cz\/?page_id=3037\" class=\"more-link\">Pokra\u010dov\u00e1n\u00ed textu <span class=\"screen-reader-text\">DAR V\u00cdRY, DARY UZDRAVOV\u00c1N\u00cd, P\u016eSOBEN\u00cd MOCN\u00ddCH \u010cIN\u016e<\/span> <span class=\"meta-nav\">&rarr;<\/span><\/a><\/p>\n","protected":false},"author":2,"featured_media":0,"parent":389,"menu_order":2,"comment_status":"closed","ping_status":"closed","template":"","meta":[],"_links":{"self":[{"href":"https:\/\/www.josefknoflicek.cz\/index.php?rest_route=\/wp\/v2\/pages\/3037"}],"collection":[{"href":"https:\/\/www.josefknoflicek.cz\/index.php?rest_route=\/wp\/v2\/pages"}],"about":[{"href":"https:\/\/www.josefknoflicek.cz\/index.php?rest_route=\/wp\/v2\/types\/page"}],"author":[{"embeddable":true,"href":"https:\/\/www.josefknoflicek.cz\/index.php?rest_route=\/wp\/v2\/users\/2"}],"replies":[{"embeddable":true,"href":"https:\/\/www.josefknoflicek.cz\/index.php?rest_route=%2Fwp%2Fv2%2Fcomments&post=3037"}],"version-history":[{"count":3,"href":"https:\/\/www.josefknoflicek.cz\/index.php?rest_route=\/wp\/v2\/pages\/3037\/revisions"}],"predecessor-version":[{"id":4529,"href":"https:\/\/www.josefknoflicek.cz\/index.php?rest_route=\/wp\/v2\/pages\/3037\/revisions\/4529"}],"up":[{"embeddable":true,"href":"https:\/\/www.josefknoflicek.cz\/index.php?rest_route=\/wp\/v2\/pages\/389"}],"wp:attachment":[{"href":"https:\/\/www.josefknoflicek.cz\/index.php?rest_route=%2Fwp%2Fv2%2Fmedia&parent=3037"}],"curies":[{"name":"wp","href":"https:\/\/api.w.org\/{rel}","templated":true}]}}