{"id":3362,"date":"2017-07-31T14:47:44","date_gmt":"2017-07-31T13:47:44","guid":{"rendered":"http:\/\/www.josefknoflicek.cz\/?page_id=3362"},"modified":"2021-01-25T22:09:49","modified_gmt":"2021-01-25T21:09:49","slug":"jak-vyznat-hrich","status":"publish","type":"page","link":"https:\/\/www.josefknoflicek.cz\/?page_id=3362","title":{"rendered":"JAK VYZNAT H\u0158\u00cdCH"},"content":{"rendered":"<p>V\u00edme z\u00a0minul\u00fdch vyu\u010dov\u00e1n\u00ed, \u017ee h\u0159\u00edch je zp\u016fsoben na\u0161\u00ed nev\u00edrou v\u00a0Boha, v\u00a0Krista. Tak\u00e9 ji\u017e v\u00edme, \u017ee B\u016fh poslal sv\u00e9ho Syna Je\u017e\u00ed\u0161e Krista, aby smrt\u00ed na k\u0159\u00ed\u017ei vzal \u2013 s\u0148al z\u00a0n\u00e1s \u2013 na\u0161e viny \u2013 h\u0159\u00edchy.<\/p>\n<p>Tedy v\u00edm v\u0161e a je tak\u00e9 v\u0161e Bohem p\u0159ipraven\u00e9 pro to, abych byl o\u010di\u0161t\u011bn od sv\u00fdch h\u0159\u00edch\u016f. Jak se to stane. Bible o tom hovo\u0159\u00ed t\u011bmito slovy: (1 Jan\u016fv 1:9) \u00a0\u201eJestli\u017ee sv\u00e9 h\u0159\u00edchy vyzn\u00e1v\u00e1me, on je v\u011brn\u00fd a spravedliv\u00fd, aby n\u00e1m h\u0159\u00edchy odpustil a o\u010distil n\u00e1s od ka\u017ed\u00e9 nepravosti.! Co to znamen\u00e1 vyzn\u00e1vat h\u0159\u00edchy? Je n\u011bkolik v\u011bc\u00ed, kter\u00e9 si pot\u0159ebujeme uv\u011bdomit a n\u011bkolik krok\u016f, kter\u00e9 pot\u0159ebujeme ud\u011blat, aby na\u0161e h\u0159\u00edchy byly vyzn\u00e1ny.<\/p>\n<p>Pot\u0159ebujeme si uv\u011bdomit:<\/p>\n<ol>\n<li>Mus\u00edm ho m\u00edt komu vyznat. Bohu, Je\u017e\u00ed\u0161i, kter\u00fd za n\u011b zaplatil smrt\u00ed na k\u0159\u00ed\u017ei. Tady se vrac\u00edm op\u011bt k\u00a0v\u00ed\u0159e. V\u011b\u0159\u00edm, \u017ee B\u016fh je? V\u011b\u0159\u00edm, \u017ee Kristus vzal smrt\u00ed na k\u0159\u00ed\u017ei m\u00e1 provin\u011bn\u00ed na sebe? Mo\u017en\u00e1 pr\u00e1v\u011b te\u010f pot\u0159ebujeme p\u0159edev\u0161\u00edm vyznat, v\u011b\u0159\u00edm ti, Bo\u017ee, v\u011b\u0159\u00edm ti, Je\u017e\u00ed\u0161i Kriste.<\/li>\n<li>Abych mohl vyzn\u00e1vat h\u0159\u00edch a h\u0159\u00edchy, mus\u00edm si uv\u011bdomovat, \u017ee je m\u00e1m. Pokud si mysl\u00edm, \u017ee \u017e\u00e1dn\u00fd h\u0159\u00edch nem\u00e1m, nem\u00e1m co vyzn\u00e1vat. Pot\u0159ebuji se nechat Bohem usv\u011bd\u010dovat z\u00a0toho, jak na tom jsem ohledn\u011b sv\u00fdch h\u0159\u00edch\u016f. \u201eBo\u017ee, pros\u00edm, uka\u017e mi m\u00e1 provin\u011bn\u00ed\u201c. On vlo\u017e\u00ed do na\u0161eho sv\u011bdom\u00ed, do na\u0161eho srdce jejich pozn\u00e1n\u00ed.<\/li>\n<\/ol>\n<p>Kroky pro vyzn\u00e1n\u00ed h\u0159\u00edch\u016f:<\/p>\n<ol>\n<li>Pot\u0159ebuji se ztoto\u017enit s\u00a0Bohem, \u017ee to \u0161patn\u00e9 v\u00a0m\u00e9m \u017eivot\u011b je skute\u010dn\u011b \u0161patn\u00e9 a ubli\u017euje mi. Ne jen si \u0159\u00edct, dob\u0159e, Bo\u017ee, kdy\u017e ty to \u0159\u00edk\u00e1\u0161, tak j\u00e1 to tedy ud\u011bl\u00e1m. Pot\u0159ebujeme skute\u010dn\u011b uvid\u011bt v\u011bci v\u00a0na\u0161ich \u017eivotech stejn\u011b, jako je vid\u00ed B\u016fh. Tedy: \u201e Ano m\u00e1\u0161 pravdu Bo\u017ee, je to \u0161patn\u00e9 pro mne, vid\u00edm to a souhlas\u00edm s t\u00edm a nechci, aby to bylo v\u00a0m\u00e9m \u017eivot\u011b.<\/li>\n<li>Po\u017e\u00e1dat o odpu\u0161t\u011bn\u00ed. Je pot\u0159eba b\u00fdt konkr\u00e9tn\u00ed v\u00a0pojmenov\u00e1n\u00ed h\u0159\u00edchu a tak\u00e9 je d\u016fle\u017eit\u00e9 mluvit s Je\u017e\u00ed\u0161em \u2013 vyslovovat, nesta\u010d\u00ed si jenom myslet. B\u016fh nep\u0159edepisuje, jak m\u00e1\u0161 u toho jednat. \u0158i\u010f se sv\u00fdm srdcem. Mo\u017en\u00e1 poklekne\u0161, mo\u017en\u00e1 bude\u0161 zvedat k\u00a0n\u011bmu ruce, mo\u017en\u00e1 bude\u0161 le\u017eet ve\u010der doma v\u00a0posteli a plakat, mo\u017en\u00e1 bude\u0161 v\u00a0t\u00e9 chv\u00edli \u0159\u00eddit auto\u2026\u00a0\u00a0 Je to B\u016fh, kter\u00fd t\u011b usv\u011bd\u010duje v\u00a0jeho \u010dase. Tak\u00e9 ti d\u00e1v\u00e1 do srdce, co m\u00e1\u0161 d\u011blat.<\/li>\n<li>V\u011b\u0159, \u017ee kdy\u017e po\u017e\u00e1d\u00e1\u0161 o odpu\u0161t\u011bn\u00ed, je ti odpu\u0161t\u011bno. Tv\u016fj h\u0159\u00edch ji\u017e nen\u00ed a B\u016fh ti ho nikdy nep\u0159ipomene. B\u016fh je v\u011brn\u00fd. V \u017dalmu 103 je napsan\u00e9: <em>\u00a0Jak daleko je v\u00fdchod od z\u00e1padu, tak od n\u00e1s vzd\u00e1lil na\u0161e p\u0159estoupen\u00ed. <\/em>Z\u00e1pad a v\u00fdchod se nemohou nikdy setkat. D\u011bkuj mu za odpu\u0161t\u011bn\u00ed. Odpust i s\u00e1m sob\u011b a \u0159ekni si to.<\/li>\n<li>Odvra\u0165 se od dal\u0161\u00edho pokra\u010dov\u00e1n\u00ed tohoto h\u0159\u00edchu v\u00a0tv\u00e9m \u017eivot\u011b. Po\u017e\u00e1dej v\u00a0tom Je\u017e\u00ed\u0161e o pomoc.<\/li>\n<li>\u201eOdvrac\u00edm se od toho, Pane (Bo\u017ee) a bu\u010f mi pros\u00edm pomoc\u00ed, abych se k\u00a0tomu nikdy nevracel.\u201c<\/li>\n<\/ol>\n<p>Kdy\u017e jsme uv\u011b\u0159ili v\u00a0Je\u017e\u00ed\u0161e Krista, byli jsme vysvobozeni z\u00a0moci h\u0159\u00edchu. Ji\u017e nad n\u00e1mi nepanuje, proto\u017ee jsme byli p\u0159eneseni z\u00a0jeho panstv\u00ed pod moc Je\u017e\u00ed\u0161e. Jsme pod jeho ochranou, jsme naroubovan\u00ed na jeho \u017eivot. On v\u0161ak ne\u010dekal, a\u017e se zm\u011bn\u00edme, on n\u00e1s z\u00a0moci h\u0159\u00edchu vzal tak, jak jsme byli. Se v\u0161emi \u0161patnostmi, \u0161patn\u00fdm my\u0161len\u00edm, h\u0159\u00edchy, kter\u00e9 jsme je\u0161t\u011b neopustili. N\u011bkter\u00e9 uvid\u00edme hned a hned je opust\u00edme, jin\u00e9 se budou objevovat postupn\u011b, podle toho jak budeme rozezn\u00e1vat Bo\u017e\u00ed pravdy a jeho v\u016fli pro n\u00e1s. H\u0159\u00edch se chce v\u017edy schovat, bude sv\u00e1d\u011bt k\u00a0tomu, abychom ho ukryli. Nevyzn\u00e1vali a on nebyl odpu\u0161t\u011bn a od n\u00e1s odd\u011blen. Bude ti nalh\u00e1vat: \u201eTak toto ti B\u016fh p\u0159ece nikdy neodpust\u00ed\u201c, \u201ePo kolik\u00e1t\u00e9 ti m\u00e1 odpustit, to neud\u011bl\u00e1. Vzdej to!\u201c Nev\u011b\u0159 mu. Chce se n\u00e1s dr\u017eet zuby nehty. P\u0159ed Bohem se v\u0161ak ned\u00e1 nic a nikam schovat. On v\u00ed v\u0161e. Jen \u010dek\u00e1, kdy p\u0159ijdeme a sami vyzn\u00e1me \u2013 odhal\u00edme h\u0159\u00edch p\u0159ed n\u00edm.<\/p>\n<p>Postupn\u011b se tak budeme zbavovat toho star\u00e9ho n\u00e1nosu, kter\u00fd je na n\u00e1s je\u0161t\u011b p\u0159ilepen\u00fd a p\u0159ij\u00edmat nov\u00e9 a \u010dist\u00e9. V\u00a0n\u011bkter\u00fdch chv\u00edl\u00edch to bude mo\u017en\u00e1 i bolestiv\u00e9, kdy\u017e se budeme zbavovat toho, co se na n\u00e1s siln\u011b p\u0159ilepilo, ale stoj\u00ed to za to.<\/p>\n<p>St\u00e1le v\u0161ak plat\u00ed, \u017ee kdy\u017e jsme usv\u011bd\u010deni z\u00a0h\u0159\u00edchu, m\u016f\u017eeme kdykoli p\u0159ij\u00edt p\u0159ed Boha a vyzn\u00e1vat je a On n\u00e1m je odpust\u00ed. N\u011bkdy to bude \u010dasto, velmi \u010dasto. Zvl\u00e1\u0161t\u011b, kdy\u017e budeme pr\u00e1v\u011b bojovat s\u00a0n\u011b\u010d\u00edm, co je siln\u011b na n\u00e1s p\u0159ilepen\u00e9. Jindy to bude hned a jen jednou. P\u0159esto v\u011b\u0159, \u017ee B\u016fh odpou\u0161t\u00ed a je v\u00a0tom boji s\u00a0tebou a nese t\u011b.<\/p>\n<p>Jen si, pros\u00edm t\u011b, nikdy neud\u011blej z\u00a0Boha automat na odpu\u0161t\u011bn\u00ed h\u0159\u00edch\u016f.<\/p>\n<p>P\u00edsmo o tom prav\u00ed: \u017dalmy 51:19 \u00a0Ob\u011b\u0165 Bohu je zkrou\u0161en\u00fd duch. Bo\u017ee, ty nepohrdne\u0161 zkrou\u0161en\u00fdm a poko\u0159en\u00fdm srdcem.<\/p>\n<p>Zkrou\u0161en\u00e9 a poko\u0159en\u00e9 srdce je d\u016fsledkem pochopen\u00ed sv\u00e9ho \u0161patn\u00e9ho jedn\u00e1n\u00ed. B\u016fh takov\u00fdm odpou\u0161t\u00ed, pozved\u00e1 je a pom\u00e1h\u00e1.<\/p>\n","protected":false},"excerpt":{"rendered":"<p>V\u00edme z\u00a0minul\u00fdch vyu\u010dov\u00e1n\u00ed, \u017ee h\u0159\u00edch je zp\u016fsoben na\u0161\u00ed nev\u00edrou v\u00a0Boha, v\u00a0Krista. Tak\u00e9 ji\u017e v\u00edme, \u017ee B\u016fh poslal sv\u00e9ho Syna Je\u017e\u00ed\u0161e Krista, aby smrt\u00ed na k\u0159\u00ed\u017ei vzal \u2013 s\u0148al z\u00a0n\u00e1s \u2013 na\u0161e viny \u2013 h\u0159\u00edchy. Tedy v\u00edm v\u0161e a je tak\u00e9 v\u0161e Bohem p\u0159ipraven\u00e9 pro to, abych byl o\u010di\u0161t\u011bn od sv\u00fdch h\u0159\u00edch\u016f. Jak se to stane. &hellip; <a href=\"https:\/\/www.josefknoflicek.cz\/?page_id=3362\" class=\"more-link\">Pokra\u010dov\u00e1n\u00ed textu <span class=\"screen-reader-text\">JAK VYZNAT H\u0158\u00cdCH<\/span> <span class=\"meta-nav\">&rarr;<\/span><\/a><\/p>\n","protected":false},"author":2,"featured_media":0,"parent":3246,"menu_order":6,"comment_status":"closed","ping_status":"closed","template":"","meta":[],"_links":{"self":[{"href":"https:\/\/www.josefknoflicek.cz\/index.php?rest_route=\/wp\/v2\/pages\/3362"}],"collection":[{"href":"https:\/\/www.josefknoflicek.cz\/index.php?rest_route=\/wp\/v2\/pages"}],"about":[{"href":"https:\/\/www.josefknoflicek.cz\/index.php?rest_route=\/wp\/v2\/types\/page"}],"author":[{"embeddable":true,"href":"https:\/\/www.josefknoflicek.cz\/index.php?rest_route=\/wp\/v2\/users\/2"}],"replies":[{"embeddable":true,"href":"https:\/\/www.josefknoflicek.cz\/index.php?rest_route=%2Fwp%2Fv2%2Fcomments&post=3362"}],"version-history":[{"count":1,"href":"https:\/\/www.josefknoflicek.cz\/index.php?rest_route=\/wp\/v2\/pages\/3362\/revisions"}],"predecessor-version":[{"id":3363,"href":"https:\/\/www.josefknoflicek.cz\/index.php?rest_route=\/wp\/v2\/pages\/3362\/revisions\/3363"}],"up":[{"embeddable":true,"href":"https:\/\/www.josefknoflicek.cz\/index.php?rest_route=\/wp\/v2\/pages\/3246"}],"wp:attachment":[{"href":"https:\/\/www.josefknoflicek.cz\/index.php?rest_route=%2Fwp%2Fv2%2Fmedia&parent=3362"}],"curies":[{"name":"wp","href":"https:\/\/api.w.org\/{rel}","templated":true}]}}