{"id":3378,"date":"2017-07-31T14:56:50","date_gmt":"2017-07-31T13:56:50","guid":{"rendered":"http:\/\/www.josefknoflicek.cz\/?page_id=3378"},"modified":"2021-01-25T22:09:50","modified_gmt":"2021-01-25T21:09:50","slug":"zivot-z-ducha","status":"publish","type":"page","link":"https:\/\/www.josefknoflicek.cz\/?page_id=3378","title":{"rendered":"\u017dIVOT Z DUCHA"},"content":{"rendered":"<p>Ji\u017e v\u00edme z\u00a0minula, kdo je Duch svat\u00fd. Dnes zjist\u00edme, pro\u010d k\u0159es\u0165an\u00e9 pot\u0159ebuj\u00ed, aby \u017eili sv\u016fj \u017eivot Duchem a ne t\u011blem. Tedy jinak \u0159e\u010deno, pro\u010d maj\u00ed \u017e\u00edt vedeni Duchem svat\u00fdm a ne touhami sv\u00e9ho t\u011bla a emocemi sv\u00e9 du\u0161e.<\/p>\n<p>Minule jsme zakon\u010dili t\u00edm, \u017ee nem\u016f\u017eeme \u017e\u00edt Bo\u017e\u00ed \u017eivot, bez Boha v\u00a0n\u00e1s. Ano to je pravda. Kdy\u017e jsme uv\u011b\u0159ili, po\u017e\u00e1dali Krista o odpu\u0161t\u011bn\u00ed h\u0159\u00edch\u016f a rozhodli se ho n\u00e1sledovat, byly n\u00e1m odpu\u0161t\u011bny h\u0159\u00edchy. Co v\u0161ak d\u00e1l. \u010casem p\u0159ijde poku\u0161en\u00ed a my op\u011bt pad\u00e1me do h\u0159\u00edchu a\u0165 t\u011blesn\u00e9ho, nebo my\u0161lenkov\u00e9ho, do z\u00e1visti, \u017e\u00e1rlivosti, roztr\u017eek apod. Pad\u00e1me proto, \u017ee n\u00e1m st\u00e1le vl\u00e1dnou \u017e\u00e1dosti t\u011bla a du\u0161e, kter\u00fdm podl\u00e9h\u00e1me. Byl by to st\u00e1le stejn\u00fd kruh. P\u0159ich\u00e1zeli bychom ke Kristu pro odpu\u0161t\u011bn\u00ed, on by n\u00e1m odpustil a my op\u011bt padali do h\u0159\u00edchu a op\u011bt \u017e\u00e1dali o odpu\u0161t\u011bn\u00ed a tak d\u00e1l. Nedo\u0161lo by k\u00a0\u017e\u00e1dn\u00e9 zm\u011bn\u011b. B\u016fh v\u0161ak chce, abychom se za\u010dali m\u011bnit. M\u011bnit uvnit\u0159 n\u00e1s, n\u00e1\u0161 charakter. Abychom vid\u011bli v\u011bci jeho o\u010dima, sly\u0161eli jeho u\u0161ima a jednali tak, jak on. To v\u0161ak nen\u00ed u \u010dlov\u011bka mo\u017en\u00e9 bez jeho z\u00e1sahu. Proto n\u00e1m pos\u00edl\u00e1 a to je dal\u0161\u00ed z\u00a0jeho nekon\u010d\u00edc\u00edch milost\u00ed, Ducha svat\u00e9ho, aby n\u00e1m pomohl se prom\u011bnit do podoby Je\u017e\u00ed\u0161e Krista a p\u0159ekonat vl\u00e1du na\u0161eho t\u011bla a du\u0161e nad n\u00e1mi. Jak to prob\u00edh\u00e1? \u010clov\u011bk m\u00e1 nejen t\u011blo a du\u0161i, ale tak\u00e9 ducha. Ten je v\u0161ak t\u011blem a du\u0161\u00ed u\u0161l\u00e1pnut\u00fd a je jimi, m\u016f\u017eeme to nazvat umrtvov\u00e1n.<\/p>\n<p>Ve chv\u00edli, kdy jsme uv\u011b\u0159ili, tento duch o\u017eivuje a za\u010dne se nap\u0159imovat, ale nem\u00e1 s\u00edlu v\u00edt\u011bzit. V\u00a0tu chv\u00edli p\u0159ich\u00e1z\u00ed na pomoc Duch svat\u00fd, kter\u00fd za\u010dne posilovat na\u0161eho ducha, o\u010di\u0161\u0165uje ho od v\u0161ech n\u00e1nos\u016f, t\u011bla a du\u0161e, kter\u00e9 ho ubily a po\u0161pinily. T\u011blo i du\u0161e se Duchu svat\u00e9mu a Bo\u017e\u00edm v\u011bcem vzp\u00edraj\u00ed. Cht\u011bj\u00ed nad n\u00e1mi panovat. A je to pr\u00e1v\u011b n\u00e1\u0161 duch, kter\u00fd jedin\u00fd se dok\u00e1\u017ee spojit v\u00a0n\u00e1s s\u00a0Bohem, Duchem svat\u00fdm.<\/p>\n<p>Je to tak\u00e9 Duch svat\u00fd, kter\u00fd dosv\u011bd\u010duje a d\u00e1v\u00e1 jistotu, \u017ee jsme se stali Bo\u017e\u00edmi d\u011btmi. Dosv\u011bd\u010duje Bo\u017e\u00ed l\u00e1sku k\u00a0n\u00e1m. Nen\u00ed to jenom o pr\u00e1ci Ducha svat\u00e9ho na prom\u011bn\u011b na\u0161eho charakteru, o kter\u00e9 P\u00edsmo hovo\u0159\u00ed jako o ovoci Ducha svat\u00e9ho, ale tak\u00e9 o duchovn\u00edch darech, kter\u00e9 Duch svat\u00fd d\u00e1v\u00e1 \u010dlov\u011bku proto, aby jimi mohl slou\u017eit.<\/p>\n<p>&nbsp;<\/p>\n<p>Kdy\u017e nech\u00e1me na\u0161eho ducha ve spojen\u00ed a spolupr\u00e1ci s\u00a0Duchem svat\u00fdm (to je na modlitb\u00e1ch p\u0159ed\u00e1vat veden\u00ed na\u0161ich my\u0161lenek, cit\u016f a tu\u017eeb Duchu svat\u00e9mu, d\u00e1v\u00e1me je pod jeho autoritu a pros\u00edme, aby jednal on a ne my vlastn\u00ed v\u016fl\u00ed a tak\u00e9 n\u00e1m dal moc takto se modlit a poddat se), pak se za\u010dne n\u011bco d\u00edt s\u00a0na\u0161\u00edm sebeovl\u00e1d\u00e1n\u00edm, m\u00edrnost\u00ed, v\u011brnost\u00ed, dobrotou, laskavost\u00ed, trp\u011blivost\u00ed. Najednou za\u010dnou r\u016fst. Nebo tam kde nebyly, se objev\u00ed. Za\u010dnou to na n\u00e1s vid\u011bt i lid\u00e9 kolem. To n\u00e1m pak p\u0159in\u00e1\u0161\u00ed pokoj, za\u017e\u00edv\u00e1me \u017eivot v radosti a najednou vn\u00edm\u00e1me, \u017ee skrze n\u00e1s za\u010d\u00edn\u00e1 proudit Bo\u017e\u00ed l\u00e1ska k\u00a0lidem kolem, ale tak\u00e9 k\u00a0n\u00e1m samotn\u00fdm. Nen\u00ed to hned, ale d\u011bje se to. N\u011bkomu rychleji, jin\u00e9mu to roste pomaleji. To z\u00e1le\u017e\u00ed na tom, jak se odevzd\u00e1v\u00e1me Duchu svat\u00e9mu a p\u0159ed\u00e1v\u00e1me mu ty sv\u00e9 sobeck\u00e9 touhy a v\u00e1\u0161n\u011b, kter\u00e9 n\u00e1m br\u00e1n\u00ed v\u00a0r\u016fstu tohoto \u00fa\u017easn\u00e9ho Bo\u017e\u00edho ovoce v\u00a0n\u00e1s. Mo\u017en\u00e1 to nevid\u00edme a neuv\u011bdomujeme si zm\u011bny, ale lid\u00e9 kolem n\u00e1s to vid\u00ed. Postupn\u011b se nau\u010d\u00edme naslouchat Bo\u017e\u00edmu hlasu v\u00a0n\u00e1s samotn\u00fdch a rozpozn\u00e1vat, kdy k n\u00e1m skrze na\u0161e my\u0161lenky, nebo vnit\u0159n\u00ed hlas mluv\u00ed Duch svat\u00fd, nebo jen na\u0161e my\u0161len\u00ed a na\u0161e touha a emoce. A tak krok za krokem jdeme spole\u010dn\u011b s\u00a0Duchem svat\u00fdm po Bo\u017e\u00ed cest\u011b naproti Bo\u017e\u00edmu kr\u00e1lovstv\u00ed a na ni za\u010dneme uskute\u010d\u0148ovat dobr\u00e9 skutky, kter\u00e9 B\u016fh pro n\u00e1s p\u0159edem p\u0159ipravil. \u00a0K\u00a0tomu n\u00e1s Duch svat\u00fd vybavuje sv\u00fdmi duchovn\u00edmi dary, kter\u00e9 jsou nadp\u0159irozen\u00e9 a zjevuj\u00ed Bo\u017e\u00ed moc, sl\u00e1vu, ale tak\u00e9 jeho milosrdenstv\u00ed a spravedlnost tomuto sv\u011btu, ale p\u0159edev\u0161\u00edm slou\u017e\u00ed pro budov\u00e1n\u00ed jeho c\u00edrkve. D\u00e1v\u00e1 ka\u017ed\u00e9mu, jak on s\u00e1m chce a kolik chce. Jednomu pozn\u00e1n\u00ed, to je vid\u011bt a rozebrat v\u011bci Bo\u017e\u00edma o\u010dima, dal\u0161\u00edmu moudrost, tedy n\u011bco jako vid\u011bt Bo\u017e\u00ed \u0159e\u0161en\u00ed v\u011bc\u00ed, jin\u00fdm pak pozn\u00e1n\u00ed co je z\u00a0Bo\u017e\u00edho ducha a co ne, nadp\u0159irozenou v\u00edru, dary uzdravov\u00e1n\u00ed, kon\u00e1n\u00ed mocn\u00fdch \u010din\u016f-z\u00e1zrak\u016f, prorokov\u00e1n\u00ed \u2013 tedy mo\u017enost st\u00e1t se mluv\u010d\u00edm Boha, and\u011blsk\u00e9 jazyky a tak\u00e9 v\u00fdklad t\u011bchto jazyk\u016f \u2013 tedy to, co se jimi \u0159\u00edk\u00e1. Je mnoho dal\u0161\u00edch dar\u016f. Minim\u00e1ln\u011b jich je\u0161t\u011b v\u00a0P\u00edsmu najdeme 16, kter\u00e9 Duch d\u00e1v\u00e1 sv\u00fdm d\u011btem.<\/p>\n<p>Kdy\u017e se na to v\u0161e pod\u00edv\u00e1m z\u00a0nadhledu, nen\u00ed to \u00fa\u017easn\u00e9 \u017e\u00edt s\u00a0Duchem svat\u00fd, kter\u00fd n\u00e1s s\u00e1m vyu\u010duje, povzbuzuje, prom\u011b\u0148uje, buduje, chr\u00e1n\u00ed, p\u0159imlouv\u00e1 se za n\u00e1s, p\u0159ipom\u00edn\u00e1 slova Je\u017e\u00ed\u0161e, d\u00e1v\u00e1 n\u00e1m slova do \u00fast, kdy\u017e nev\u00edme, co \u0159\u00edct. To v\u0161e d\u011bl\u00e1 s\u00a0Bo\u017e\u00ed l\u00e1skou a milost\u00ed, podle toho jak n\u00e1s zn\u00e1. A zn\u00e1 n\u00e1s dokonale. Je to ale p\u0159edev\u0161\u00edm tent\u00fd\u017e Duch, kter\u00fd vzk\u0159\u00edsil Je\u017e\u00ed\u0161e Krista z\u00a0mrtv\u00fdch a ten n\u00e1s tak\u00e9 vzk\u0159\u00eds\u00ed k\u00a0v\u011b\u010dn\u00e9mu \u017eivotu a p\u0159evede ze smrti do \u017eivota.<\/p>\n<p>&nbsp;<\/p>\n","protected":false},"excerpt":{"rendered":"<p>Ji\u017e v\u00edme z\u00a0minula, kdo je Duch svat\u00fd. Dnes zjist\u00edme, pro\u010d k\u0159es\u0165an\u00e9 pot\u0159ebuj\u00ed, aby \u017eili sv\u016fj \u017eivot Duchem a ne t\u011blem. Tedy jinak \u0159e\u010deno, pro\u010d maj\u00ed \u017e\u00edt vedeni Duchem svat\u00fdm a ne touhami sv\u00e9ho t\u011bla a emocemi sv\u00e9 du\u0161e. Minule jsme zakon\u010dili t\u00edm, \u017ee nem\u016f\u017eeme \u017e\u00edt Bo\u017e\u00ed \u017eivot, bez Boha v\u00a0n\u00e1s. Ano to je pravda. Kdy\u017e &hellip; <a href=\"https:\/\/www.josefknoflicek.cz\/?page_id=3378\" class=\"more-link\">Pokra\u010dov\u00e1n\u00ed textu <span class=\"screen-reader-text\">\u017dIVOT Z DUCHA<\/span> <span class=\"meta-nav\">&rarr;<\/span><\/a><\/p>\n","protected":false},"author":2,"featured_media":0,"parent":3246,"menu_order":13,"comment_status":"closed","ping_status":"closed","template":"","meta":[],"_links":{"self":[{"href":"https:\/\/www.josefknoflicek.cz\/index.php?rest_route=\/wp\/v2\/pages\/3378"}],"collection":[{"href":"https:\/\/www.josefknoflicek.cz\/index.php?rest_route=\/wp\/v2\/pages"}],"about":[{"href":"https:\/\/www.josefknoflicek.cz\/index.php?rest_route=\/wp\/v2\/types\/page"}],"author":[{"embeddable":true,"href":"https:\/\/www.josefknoflicek.cz\/index.php?rest_route=\/wp\/v2\/users\/2"}],"replies":[{"embeddable":true,"href":"https:\/\/www.josefknoflicek.cz\/index.php?rest_route=%2Fwp%2Fv2%2Fcomments&post=3378"}],"version-history":[{"count":1,"href":"https:\/\/www.josefknoflicek.cz\/index.php?rest_route=\/wp\/v2\/pages\/3378\/revisions"}],"predecessor-version":[{"id":3379,"href":"https:\/\/www.josefknoflicek.cz\/index.php?rest_route=\/wp\/v2\/pages\/3378\/revisions\/3379"}],"up":[{"embeddable":true,"href":"https:\/\/www.josefknoflicek.cz\/index.php?rest_route=\/wp\/v2\/pages\/3246"}],"wp:attachment":[{"href":"https:\/\/www.josefknoflicek.cz\/index.php?rest_route=%2Fwp%2Fv2%2Fmedia&parent=3378"}],"curies":[{"name":"wp","href":"https:\/\/api.w.org\/{rel}","templated":true}]}}