{"id":502,"date":"2015-05-09T00:13:36","date_gmt":"2015-05-08T23:13:36","guid":{"rendered":"http:\/\/www.josefknoflicek.cz\/?page_id=502"},"modified":"2021-01-25T22:09:49","modified_gmt":"2021-01-25T21:09:49","slug":"slovo-na-uvod","status":"publish","type":"page","link":"https:\/\/www.josefknoflicek.cz\/?page_id=502","title":{"rendered":"Slovo na \u00favod"},"content":{"rendered":"<p style=\"text-align: justify;\"><a href=\"http:\/\/www.josefknoflicek.cz\/wp-content\/uploads\/2015\/03\/image-1382814202029-V.jpg\"><img loading=\"lazy\" class=\" size-medium wp-image-309 alignright\" src=\"http:\/\/www.josefknoflicek.cz\/wp-content\/uploads\/2015\/03\/image-1382814202029-V-200x300.jpg\" alt=\"image-1382814202029-V\" width=\"200\" height=\"300\" srcset=\"https:\/\/www.josefknoflicek.cz\/wp-content\/uploads\/2015\/03\/image-1382814202029-V-200x300.jpg 200w, https:\/\/www.josefknoflicek.cz\/wp-content\/uploads\/2015\/03\/image-1382814202029-V.jpg 320w\" sizes=\"(max-width: 200px) 100vw, 200px\" \/><\/a>V&nbsp;lidsk\u00e9m \u017eivot\u011b m\u00e1 v\u0161echno sv\u016fj \u010das. Z&nbsp;d\u011bt\u00ed se st\u00e1v\u00e1me rodi\u010di a z&nbsp;rodi\u010d\u016f prarodi\u010di. Ne v\u0161ichni hned unesou tuto posledn\u00ed zm\u011bnu. Prvn\u00ed osloven\u00ed babi\u010dko nebo d\u011bde\u010dku na n\u011bkoho m\u016f\u017ee p\u016fsobit jako v\u00edtr na vlny. Zvednou se a zp\u011bn\u00ed, v\u017edy\u0165 jsme je\u0161t\u011b mlad\u00ed. Nejsme \u017e\u00e1dn\u00ed senio\u0159i, kte\u0159\u00ed pat\u0159\u00ed do star\u00e9ho \u017eeleza.&nbsp;Na druhou stranu c\u00edt\u00edme i hrdost, \u017ee jimi jsme.<br \/>\nV lidsk\u00e9m \u017eivot\u011b p\u0159ich\u00e1z\u00ed obdob\u00ed, kdy m\u00e1me d\u011bti a obdob\u00ed, kdy m\u00e1me tak\u00e9 vnou\u010data. I v duchovn\u00edm sv\u011bt\u011b p\u0159ich\u00e1z\u00ed obdob\u00ed vnou\u010dat, ale p\u0159itom obdob\u00ed d\u011bt\u00ed nemus\u00ed nikdy skon\u010dit. Duchovn\u00ed d\u011bti m\u016f\u017eeme rodit a vychov\u00e1vat i ve vysok\u00e9m st\u00e1\u0159\u00ed.<br \/>\nKdy\u017e jsme za\u010d\u00ednali slu\u017ebu a p\u0159ich\u00e1zely t\u011b\u017ek\u00e9 chv\u00edle, nebylo kam zaj\u00edt, kde si vyl\u00edt srdce. Jen tak.&nbsp; V\u011bd\u011bli jsme, \u017ee t\u00edm, za k\u00fdm m\u00e1me j\u00edt, je Je\u017e\u00ed\u0161 a chodili jsme za n\u00edm, ale i slu\u017eebn\u00edci pot\u0159ebuj\u00ed t\u00e1tovo objet\u00ed a m\u00e1min kl\u00edn. Byli vedouc\u00ed, slu\u017eebn\u00edci, ale byl akutn\u00ed nedostatek duchovn\u00edch otc\u016f a matek. Dnes m\u016f\u017eeme na internetu naj\u00edt v\u0161echno, co pot\u0159ebujeme. Duchovn\u00edch rodi\u010d\u016f je v\u0161ak st\u00e1le nedostatek. Bude jich st\u00e1le nedostatek do t\u00e9 doby, dokud se nerozhodneme, \u017ee se jimi nestaneme my sami.<\/p>\n<p style=\"text-align: justify;\">Tyto str\u00e1nky jsou pro v\u0161echny ty, kte\u0159\u00ed jsou n\u011bkde na cest\u011b od d\u011btstv\u00ed k&nbsp;rodi\u010dovstv\u00ed a od rodi\u010dovstv\u00ed k&nbsp;vnou\u010dat\u016fm a pot\u0159ebuj\u00ed povzbudit, pot\u0159ebuj\u00ed n\u011bkter\u00e9 situace uchopit, ud\u011blat si \u010das a zap\u0159em\u00fd\u0161let nad uplynul\u00fdm dnem, nad t\u00edm, co se d\u011bje v&nbsp;srdci, nad t\u00edm, co vy\u0161lo z&nbsp;\u00fast jejich, jejich p\u0159\u00e1tel nebo nep\u0159\u00e1tel. Mo\u017en\u00e1 si i vyl\u00edt srdce. Jen tak.<br \/>\nJsou pro ty, kte\u0159\u00ed hledaj\u00ed, kte\u0159\u00ed c\u00edt\u00ed, \u017ee v\u0161echno nen\u00ed jen o doktr\u00edn\u00e1ch, ale je tu n\u011bco velmi hlub\u0161\u00edho a cenn\u011bj\u0161\u00edho. Samotn\u00fd vztah s&nbsp;Bohem, Je\u017e\u00ed\u0161em, Duchem svat\u00fdm.<br \/>\nJsou pro ty, kte\u0159\u00ed jsou na po\u010d\u00e1tku cesty, ale i pro ty, kte\u0159\u00ed cht\u011bj\u00ed na cestu p\u0159iv\u00e1d\u011bt dal\u0161\u00ed.<\/p>\n<p>Str\u00e1nky jsou st\u00e1le v procesu vzniku a budou si postupn\u011b vytv\u00e1\u0159et tv\u00e1\u0159, kter\u00e1 v t\u00e9to chv\u00edli nen\u00ed kone\u010dn\u00e1.<\/p>\n<p>P\u0159ejeme v\u00e1m s&nbsp;man\u017eelkou<br \/>\nBohem nav\u0161t\u00edven\u00fd \u010das p\u0159i \u010dten\u00ed a p\u0159em\u00fd\u0161len\u00ed.<br \/>\nS l\u00e1skou Kristovou<br \/>\nJosef a Stanislava Knofl\u00ed\u010dkovi<\/p>\n<p>&nbsp;<\/p>\n","protected":false},"excerpt":{"rendered":"<p>V&nbsp;lidsk\u00e9m \u017eivot\u011b m\u00e1 v\u0161echno sv\u016fj \u010das. Z&nbsp;d\u011bt\u00ed se st\u00e1v\u00e1me rodi\u010di a z&nbsp;rodi\u010d\u016f prarodi\u010di. Ne v\u0161ichni hned unesou tuto posledn\u00ed zm\u011bnu. Prvn\u00ed osloven\u00ed babi\u010dko nebo d\u011bde\u010dku na n\u011bkoho m\u016f\u017ee p\u016fsobit jako v\u00edtr na vlny. Zvednou se a zp\u011bn\u00ed, v\u017edy\u0165 jsme je\u0161t\u011b mlad\u00ed. Nejsme \u017e\u00e1dn\u00ed senio\u0159i, kte\u0159\u00ed pat\u0159\u00ed do star\u00e9ho \u017eeleza.&nbsp;Na druhou stranu c\u00edt\u00edme i hrdost, \u017ee &hellip; <a href=\"https:\/\/www.josefknoflicek.cz\/?page_id=502\" class=\"more-link\">Pokra\u010dov\u00e1n\u00ed textu <span class=\"screen-reader-text\">Slovo na \u00favod<\/span> <span class=\"meta-nav\">&rarr;<\/span><\/a><\/p>\n","protected":false},"author":2,"featured_media":0,"parent":0,"menu_order":0,"comment_status":"open","ping_status":"open","template":"","meta":[],"_links":{"self":[{"href":"https:\/\/www.josefknoflicek.cz\/index.php?rest_route=\/wp\/v2\/pages\/502"}],"collection":[{"href":"https:\/\/www.josefknoflicek.cz\/index.php?rest_route=\/wp\/v2\/pages"}],"about":[{"href":"https:\/\/www.josefknoflicek.cz\/index.php?rest_route=\/wp\/v2\/types\/page"}],"author":[{"embeddable":true,"href":"https:\/\/www.josefknoflicek.cz\/index.php?rest_route=\/wp\/v2\/users\/2"}],"replies":[{"embeddable":true,"href":"https:\/\/www.josefknoflicek.cz\/index.php?rest_route=%2Fwp%2Fv2%2Fcomments&post=502"}],"version-history":[{"count":4,"href":"https:\/\/www.josefknoflicek.cz\/index.php?rest_route=\/wp\/v2\/pages\/502\/revisions"}],"predecessor-version":[{"id":5881,"href":"https:\/\/www.josefknoflicek.cz\/index.php?rest_route=\/wp\/v2\/pages\/502\/revisions\/5881"}],"wp:attachment":[{"href":"https:\/\/www.josefknoflicek.cz\/index.php?rest_route=%2Fwp%2Fv2%2Fmedia&parent=502"}],"curies":[{"name":"wp","href":"https:\/\/api.w.org\/{rel}","templated":true}]}}