{"id":6700,"date":"2024-05-15T07:42:03","date_gmt":"2024-05-15T06:42:03","guid":{"rendered":"https:\/\/www.josefknoflicek.cz\/?page_id=6700"},"modified":"2024-05-15T08:42:41","modified_gmt":"2024-05-15T07:42:41","slug":"presidentske-volby-v-sr","status":"publish","type":"page","link":"https:\/\/www.josefknoflicek.cz\/?page_id=6700","title":{"rendered":"Presidentsk\u00e9 volby v SR"},"content":{"rendered":"\n<p>R\u00e1d pou\u017e\u00edv\u00e1m selsk\u00fd rozum a odv\u011bk\u00e1 r\u010den\u00ed, kter\u00e1 ve v\u011bt\u0161in\u011b p\u0159\u00edpad\u016f maj\u00ed ko\u0159en v biblick\u00fdch p\u0159\u00edslov\u00edch jako: &#8222;Kdo druh\u00e9mu j\u00e1mu kope, s\u00e1m do n\u00ed pad\u00e1&#8220; nebo &#8222;Zlod\u011bj k\u0159i\u010d\u00ed chy\u0165te zlod\u011bje&#8220; tak\u00e9 &#8222;Kdo me\u010dem zach\u00e1z\u00ed tak\u00e9 j\u00edm sch\u00e1z\u00ed&#8220; a &#8222;Nen\u00ed v\u0161echno zlato, co se t\u0159pyt\u00ed&#8220; a &#8222;Vr\u00e1na k vr\u00e1n\u011b sed\u00e1 druh druha si hled\u00e1&#8220;&#8230; .<br \/>Mo\u017en\u00e1 by se sem hodila i tato vyzkou\u0161en\u00e1 pravda: &#8222;B\u016fh pohor\u0161uje mysl \u010dlov\u011bka, aby vy\u0161lo najevo, co je v jeho srdci.&#8220; A pr\u00e1v\u011b t\u00edm bych cht\u011bl za\u010d\u00edt.<br \/>1. <strong>Kdy\u017e si sundaj\u00ed masku aneb pozn\u00e1me je po ovoci.<\/strong><br \/>Po prvn\u00edm kole prezidentsk\u00fdch voleb vedl Kor\u010dok, kter\u00fd nebyl nez\u00e1visl\u00fdm, ale jasn\u00fdm kandid\u00e1tem progresivc\u016f a cel\u00e9 spojen\u00e9 opozice proti Ficovi. To je\u0161t\u011b siln\u011bji podpo\u0159ilo sebev\u011bdom\u00ed jeho a cel\u00e9 opozice a odr\u00e1\u017eelo se to i v kampani a sil\u00e1ck\u00fdch \u0159e\u010dech. Kdy\u017e se \u010dekalo na s\u010d\u00edt\u00e1n\u00ed hlas\u016f, pak se progresivci pasovali p\u0159edem na v\u00edt\u011bze. Pellegrini je\u0161t\u011b p\u0159ed s\u010d\u00edt\u00e1n\u00edm vystoupil s velmi pokorn\u00fdm projevem a postojem. Ve chv\u00edli, kdy bylo jasn\u00e9, \u017ee vyhr\u00e1l Pellegrini padaly masky a uk\u00e1zalo se srdce. Kor\u010dok za\u010dal vyhro\u017eovat a to i p\u0159es jeho vyj\u00e1d\u0159en\u00ed, \u017ee bude respektovat v\u00fdsledek voleb. Tak mi to p\u0159ipomn\u011blo slova vlka z kreslen\u00e9ho seri\u00e1lu: &#8222;Jen po\u010dkej zaj\u00edci!&#8220; Jin\u00fdmi slovy po\u010dk\u00e1m a p\u0159i prvn\u00ed p\u0159\u00edle\u017eitosti se pomst\u00edm. Jak by jako &#8222;vlada\u0159&#8220; jednal s t\u011bmi, kte\u0159\u00ed by s n\u00edm nesouhlasili? Unesl by kritiku a tlak, kter\u00fd &#8222;vlada\u0159stv\u00ed&#8220; sebou p\u0159in\u00e1\u0161\u00ed? (<em>Nemst\u011bte se sami, milovan\u00ed,&nbsp;n\u00fdbr\u017e dejte m\u00edsto&nbsp;Bo\u017e\u00edmu&nbsp;hn\u011bvu, nebo\u0165 je naps\u00e1no: &#8222;Mn\u011b&nbsp;pat\u0159\u00ed&nbsp;pomsta, j\u00e1 odplat\u00edm, prav\u00ed P\u00e1n.&#8220;&nbsp;Ale: &#8222;Jestli\u017ee m\u00e1 tv\u016fj nep\u0159\u00edtel hlad, d\u00e1vej mu j\u00edst,&nbsp;a&nbsp;m\u00e1li \u017e\u00edze\u0148, d\u00e1vej mu p\u00edt; kdy\u017e to bude\u0161 \u010dinit, nasype\u0161 \u017ehav\u00e9 uhl\u00ed na jeho hlavu.&#8220;&nbsp;Nenech se p\u0159em\u00e1hat zlem, ale p\u0159em\u00e1hej zlo dobrem. \u0158\u00edman\u016fm 12:19-2<\/em>1)<br \/>2. <strong>Kdo druh\u00e9mu j\u00e1mu kope, s\u00e1m do n\u00ed pad\u00e1 aneb pokud neodpust\u00ed\u0161 ani tob\u011b nebude odpu\u0161t\u011bno.<\/strong><br \/>Ver\u0161e o \u017ehav\u00e9m uhl\u00ed na hlav\u011b mne nau\u010dily jedn\u00e9 pravd\u011b. Zjistil jsem, \u017ee B\u016fh ve sv\u00e9 spravedlnosti se zastane i m\u00fdch nep\u0159\u00e1tel, pokud jim neodpust\u00edm nebo je budu nen\u00e1vistn\u011b pron\u00e1sledovat, utla\u010dovat, pomlouvat, pokud budu v\u016f\u010di nim jednat nespravedliv\u011b a pod. Pak to \u017ehav\u00e9 uhl\u00ed skon\u010d\u00ed na m\u00e9 hlav\u011b. Slovensk\u00e9 volby nebyly o Kor\u010dokovi a Pellegrinim, ale o s Ficem nebo bez n\u011bho. Tak jako parlamentn\u00ed volby byly pln\u00e9 nen\u00e1visti opozice v\u016f\u010di Ficovi a tomu, co p\u0159edstavuje a proti t\u011bm, kte\u0159\u00ed za n\u00edm stoj\u00ed.<br \/>Mohli se opozi\u010dn\u00ed vedouc\u00ed pou\u010dit z jedn\u00e1n\u00ed Matovi\u010de, kdy\u017e byl premi\u00e9rem. M\u00edsto, aby se zam\u011b\u0159il na \u0159e\u0161en\u00ed probl\u00e9m\u016f, zam\u011b\u0159il se na nen\u00e1vistnou kampa\u0148 v\u016f\u010di Ficovi a na jeho likvidaci a na likvidaci t\u011bch, kte\u0159\u00ed st\u00e1li kolem n\u011bho nebo mu pom\u00e1hali. Bylo zvykem, \u017ee nov\u00fd kr\u00e1l p\u0159i sv\u00e9 korunovaci ud\u011bloval milost. Tady \u010di\u0161elo nemilosrdenstv\u00ed a a\u017e \u010f\u00e1belsk\u00e1 nen\u00e1vist. Matovi\u010d d\u011blal hned od za\u010d\u00e1tku v\u011bci, kter\u00e9 se Bohu nejen nel\u00edb\u00ed, ale mnoh\u00e9 kter\u00e9 p\u0159\u00edmo nen\u00e1vid\u00ed. Uvedu jen \u010dty\u0159i, proto\u017ee by to byl dlouh\u00fd seznam:<br \/>&#8211; zavedl a legalizoval institut anonymn\u00edho ud\u00e1v\u00e1n\u00ed<br \/>&#8211; nechal zav\u00edrat sv\u00e9 protivn\u00edky, ani\u017e by m\u011bl d\u016fkazy<br \/>&#8211; hledal neust\u00e1le vin\u00edky, m\u00edsto aby hledal \u0159e\u0161en\u00ed<br \/>&#8211; m\u00edsto pokoje p\u0159in\u00e1\u0161el nepokoj<br \/>Tak\u00e9 jeho vl\u00e1da skon\u010dila fiaskem. Co pova\u017euji za slepotu je, \u017ee po jeho pravici i levici st\u00e1li k\u0159es\u0165an\u00e9 a nedok\u00e1zali to vid\u011bt. Sp\u00ed\u0161e naopak to podporovali.<br \/>Podobn\u011b se chov\u00e1 i sou\u010dasn\u00e1 slovensk\u00e1 opozice. Neponau\u010dila se a proto spadla do j\u00e1my, kterou kopala Ficovi. Podobn\u011b a ze stejn\u00e9ho d\u016fvodu B\u016fh nakl\u00e1n\u00ed srdce lid\u00ed pro Babi\u0161e v \u010cR.<br \/>3. <strong>Vr\u00e1na k vr\u00e1n\u011b sed\u00e1, druh druha si hled\u00e1, zlod\u011bj k\u0159i\u010d\u00ed, chy\u0165te zlod\u011bje aneb &#8218;Blahoslaven\u00fd je mu\u017e, kter\u00fd ne\u017eije podle rady ni\u010dem\u016f, na cest\u011b h\u0159\u00ed\u0161n\u00edk\u016f se nezastav\u00ed a v zased\u00e1n\u00ed posm\u011bva\u010d\u016f neusedne,<\/strong>&#8230; .<br \/>Z Glob\u00e1ln\u00edho institutu v Davosu vy\u0161lo ji\u017e mnoho a mnoho vy\u0161kolen\u00fdch &#8222;agent\u016f&#8220;, kte\u0159\u00ed maj\u00ed za \u00fakol pom\u00e1hat p\u0159i globalizaci sv\u011bta a p\u0159i zm\u011bn\u011b sv\u011btov\u00e9ho \u0159\u00e1du. Jsou c\u00edlen\u011b za\u010dle\u0148ov\u00e1ni i do politick\u00fdch stran a to jak do t\u011bch, kter\u00e9 podporuj\u00ed globalizaci, tak do t\u011bch, kte\u0159\u00ed ve sv\u00fdch prohl\u00e1\u0161en\u00ed se stav\u00ed proti n\u00ed. Tak m\u00e1j\u00ed zast\u00e1nci globalizace vliv v\u0161ude. A je jedno kdo bude v t\u00e9 \u010di on\u00e9 zemi u moci. Samoz\u0159ejm\u011b se sna\u017e\u00ed tyto sv\u00e9 lidi protla\u010dit do vlivn\u00fdch funkc\u00ed. V p\u0159\u00edpad\u011b stran, kter\u00e9 odm\u00edtaj\u00ed globalizaci to d\u011blaj\u00ed tajn\u011b a \u010dekaj\u00ed a\u017e na vhodnou chv\u00edli, kdy m\u016f\u017ee jejich &#8222;agent&#8220; ovlivnit n\u011bkter\u00e1 jedn\u00e1n\u00ed nebo stranu samotnou. Voly prezidenta jsou jednou z takov\u00fdch situac\u00ed, stejn\u011b jako sestavov\u00e1n\u00ed vl\u00e1dn\u00ed koalice.<br \/>Proto\u017ee jsou na v\u0161ech stran\u00e1ch, je t\u011b\u017ek\u00e9 ur\u010dit, jak kter\u00e1 strana se bude chovat a co se z r\u016fzn\u00fdch poslanc\u016f a politik\u016f vyklube.<br \/>Jak to poznat. Jedno z pravidel je, \u017ee vr\u00e1na k vr\u00e1n\u011b sed\u00e1. Na Slovensku se Progresivn\u00ed Slovensko ve\u0159ejn\u011b hl\u00e1s\u00ed ke globalizaci. Pod\u00edvejme se, kdo si k n\u011bmu, jako nesiln\u011bj\u0161\u00ed opozi\u010dn\u00ed stran\u011b ve volb\u00e1ch p\u0159isedl. Dokonce i K\u0159es\u0165ansk\u00e9 demokratick\u00e9 hnut\u00ed. V samotn\u00e9 t\u00e9to stran\u011b se nyn\u00ed odehr\u00e1v\u00e1 rozkol (podobn\u011b jako v \u010cR.) Liber\u00e1ln\u00ed k\u0159es\u0165an\u00e9 jsou nyn\u00ed ve veden\u00ed a vedou prakticky sv\u00e9 strany do t\u00e1bora, kter\u00fd stoj\u00ed proti k\u0159es\u0165ansk\u00fdm hodnot\u00e1m a P\u00edsmu. Jako v\u011b\u0159\u00edc\u00ed m\u00e1m tedy jasno. Pod\u00edv\u00e1m se, kte\u0159\u00ed politikov\u00e9 se semkli a vid\u00edm koho volit a koho ne. P\u0159\u00edklad z \u010cR. Dnes KDU vedou liber\u00e1lov\u00e9. Pokud se n\u011bkdo stav\u00ed za tradi\u010dn\u00ed hodnoty k\u0159es\u0165anstv\u00ed volaj\u00ed o jeho vylou\u010den\u00ed ze strany. Pan Svoboda pat\u0159\u00ed k t\u011bm, kte\u0159\u00ed nesouhlas\u00ed liberalizmem v k\u0159es\u0165anstv\u00ed. Op\u011bt se pod\u00edv\u00e1m a vid\u00edm koho volit a koho ne.<br \/>Dal\u0161\u00edm znakem je posm\u011bva\u010dstv\u00ed. Nesed\u011bt s posm\u011bva\u010di. Posm\u011bva\u010d je ur\u010dit\u00fd druh \u0161tv\u00e1\u010de, kter\u00fd sv\u00fdm posm\u011bchem vyvol\u00e1v\u00e1 \u0161tvanice proti n\u011bkomu. Mezi velk\u00e9 posm\u011bva\u010de pat\u0159\u00ed Matovi\u010d, kter\u00e9mu opozice dovolila si p\u0159isednout do jejich t\u00fdmu. D\u00e1le jimi je cel\u00e1 \u0159ada novin\u00e1\u0159\u016f mnoha medi\u00ed, kter\u00e1 byla jednostrann\u011b zam\u011b\u0159en\u00e1 pouze za Kor\u010doka. Tak\u00e9 um\u011blc\u016f, kte\u0159\u00ed pro tato m\u00e9dia d\u00e1vali sv\u00e1 vyj\u00e1d\u0159en\u00ed, kter\u00e1 stav\u011bli jako jedinou mo\u017enou &#8222;pravdu sv\u011bta&#8220;.<br \/>Nejen volby prezidenta jasn\u011b uk\u00e1zaly, kdo je kdo, ale tak\u00e9 jak se do nich zasahovalo a ovliv\u0148ovalo z ven\u010d\u00ed. P\u0159edev\u0161\u00edm z \u010cR. Vr\u00e1na k vr\u00e1n\u011b sed\u00e1. Ti nejv\u011bt\u0161\u00ed k\u0159iklouni, kte\u0159\u00ed volaj\u00ed po demokracii a stra\u0161\u00ed ohro\u017een\u00edm demokracie druh\u00e9, vl\u00e1\u010deli po medi\u00edch ty, kte\u0159\u00ed m\u011bli jin\u00fd n\u00e1zor a sna\u017eili se vytahovat na takov\u00e9 osoby \u0161pinav\u00e9 pr\u00e1dlo. Kdy\u017e nic nena\u0161li, dali n\u00e1lepku dne\u0161n\u00ed doby: &#8222;pro Rusk\u00fd&#8220;. Prost\u011b zlod\u011bj k\u0159i\u010d\u00ed chy\u0165te zlod\u011bje.<\/p>\n\n\n\n<p>Nem\u00e1m iluze o situaci na Slovensku a v \u010cesku a&#8230;, ale v\u00edm, \u017ee B\u016fh je spravedliv\u00fd. I kdy\u017e se nevyzn\u00e1me v politice, m\u016f\u017eeme rozpozn\u00e1vat v\u011bci podle Bo\u017e\u00edho slova. Hledejme tam a ne v medi\u00edch. M\u00e1me autoritu Bo\u017e\u00edch d\u011bt\u00ed a m\u016f\u017eeme st\u00e1t nad situacemi a vid\u011bt je o\u010dima na\u0161eho Otce.<\/p>\n","protected":false},"excerpt":{"rendered":"<p>R\u00e1d pou\u017e\u00edv\u00e1m selsk\u00fd rozum a odv\u011bk\u00e1 r\u010den\u00ed, kter\u00e1 ve v\u011bt\u0161in\u011b p\u0159\u00edpad\u016f maj\u00ed ko\u0159en v biblick\u00fdch p\u0159\u00edslov\u00edch jako: &#8222;Kdo druh\u00e9mu j\u00e1mu kope, s\u00e1m do n\u00ed pad\u00e1&#8220; nebo &#8222;Zlod\u011bj k\u0159i\u010d\u00ed chy\u0165te zlod\u011bje&#8220; tak\u00e9 &#8222;Kdo me\u010dem zach\u00e1z\u00ed tak\u00e9 j\u00edm sch\u00e1z\u00ed&#8220; a &#8222;Nen\u00ed v\u0161echno zlato, co se t\u0159pyt\u00ed&#8220; a &#8222;Vr\u00e1na k vr\u00e1n\u011b sed\u00e1 druh druha si hled\u00e1&#8220;&#8230; .Mo\u017en\u00e1 by &hellip; <a href=\"https:\/\/www.josefknoflicek.cz\/?page_id=6700\" class=\"more-link\">Pokra\u010dov\u00e1n\u00ed textu <span class=\"screen-reader-text\">Presidentsk\u00e9 volby v SR<\/span> <span class=\"meta-nav\">&rarr;<\/span><\/a><\/p>\n","protected":false},"author":2,"featured_media":0,"parent":6170,"menu_order":0,"comment_status":"open","ping_status":"closed","template":"","meta":[],"_links":{"self":[{"href":"https:\/\/www.josefknoflicek.cz\/index.php?rest_route=\/wp\/v2\/pages\/6700"}],"collection":[{"href":"https:\/\/www.josefknoflicek.cz\/index.php?rest_route=\/wp\/v2\/pages"}],"about":[{"href":"https:\/\/www.josefknoflicek.cz\/index.php?rest_route=\/wp\/v2\/types\/page"}],"author":[{"embeddable":true,"href":"https:\/\/www.josefknoflicek.cz\/index.php?rest_route=\/wp\/v2\/users\/2"}],"replies":[{"embeddable":true,"href":"https:\/\/www.josefknoflicek.cz\/index.php?rest_route=%2Fwp%2Fv2%2Fcomments&post=6700"}],"version-history":[{"count":2,"href":"https:\/\/www.josefknoflicek.cz\/index.php?rest_route=\/wp\/v2\/pages\/6700\/revisions"}],"predecessor-version":[{"id":6711,"href":"https:\/\/www.josefknoflicek.cz\/index.php?rest_route=\/wp\/v2\/pages\/6700\/revisions\/6711"}],"up":[{"embeddable":true,"href":"https:\/\/www.josefknoflicek.cz\/index.php?rest_route=\/wp\/v2\/pages\/6170"}],"wp:attachment":[{"href":"https:\/\/www.josefknoflicek.cz\/index.php?rest_route=%2Fwp%2Fv2%2Fmedia&parent=6700"}],"curies":[{"name":"wp","href":"https:\/\/api.w.org\/{rel}","templated":true}]}}